Last updated on 2022-04-24 03:52:40 CEST.
Flavor | Version | Tinstall | Tcheck | Ttotal | Status | Flags |
---|---|---|---|---|---|---|
r-devel-linux-x86_64-debian-clang | 0.7.7 | 7.21 | 97.10 | 104.31 | OK | |
r-devel-linux-x86_64-debian-gcc | 0.7.7 | 5.90 | 71.86 | 77.76 | OK | |
r-devel-linux-x86_64-fedora-clang | 0.7.7 | 122.08 | NOTE | |||
r-devel-linux-x86_64-fedora-gcc | 0.7.7 | 110.69 | OK | |||
r-patched-linux-x86_64 | 0.7.7 | 5.64 | 94.74 | 100.38 | OK | |
r-release-linux-x86_64 | 0.7.7 | 5.69 | 97.12 | 102.81 | OK | |
r-release-macos-arm64 | 0.7.7 | NOTE | ||||
r-release-macos-x86_64 | 0.7.7 | OK | ||||
r-release-windows-x86_64 | 0.7.7 | 107.00 | 135.00 | 242.00 | OK | |
r-oldrel-macos-arm64 | 0.7.7 | NOTE | ||||
r-oldrel-macos-x86_64 | 0.7.7 | OK | ||||
r-oldrel-windows-ix86+x86_64 | 0.7.7 | 14.00 | 124.00 | 138.00 | OK |
Version: 0.7.7
Check: Rd cross-references
Result: NOTE
Undeclared package ‘SIBER’ in Rd xrefs
Flavor: r-devel-linux-x86_64-fedora-clang
Version: 0.7.7
Check: Rd cross-references
Result: NOTE
Package unavailable to check Rd xrefs: ‘SIBER’
Flavors: r-release-macos-arm64, r-oldrel-macos-arm64