Last updated on 2022-04-24 03:52:40 CEST.
Flavor | Version | Tinstall | Tcheck | Ttotal | Status | Flags |
---|---|---|---|---|---|---|
r-devel-linux-x86_64-debian-clang | 1.4.2 | 4.49 | 54.26 | 58.75 | OK | |
r-devel-linux-x86_64-debian-gcc | 1.4.2 | 2.95 | 40.50 | 43.45 | OK | |
r-devel-linux-x86_64-fedora-clang | 1.4.2 | 70.11 | OK | |||
r-devel-linux-x86_64-fedora-gcc | 1.4.2 | 57.63 | OK | |||
r-patched-linux-x86_64 | 1.4.2 | 4.16 | 52.25 | 56.41 | OK | |
r-release-linux-x86_64 | 1.4.2 | 2.52 | 51.32 | 53.84 | OK | |
r-release-macos-arm64 | 1.4.2 | OK | ||||
r-release-macos-x86_64 | 1.4.2 | WARN | ||||
r-release-windows-x86_64 | 1.4.2 | 17.00 | 91.00 | 108.00 | OK | |
r-oldrel-macos-arm64 | 1.4.2 | OK | ||||
r-oldrel-macos-x86_64 | 1.4.2 | WARN | ||||
r-oldrel-windows-ix86+x86_64 | 1.4.2 | 7.00 | 70.00 | 77.00 | OK |
Version: 1.4.2
Check: re-building of vignette outputs
Result: WARN
Error(s) in re-building vignettes:
--- re-building ‘table1-examples.Rmd’ using rmarkdown
Warning in engine$weave(file, quiet = quiet, encoding = enc) :
Pandoc (>= 1.12.3) not available. Falling back to R Markdown v1.
Attaching package: 'table1'
The following objects are masked from 'package:base':
units, units<-
Quitting from lines 515-519 (table1-examples.Rmd)
Error: processing vignette 'table1-examples.Rmd' failed with diagnostics:
subscript out of bounds
--- failed re-building ‘table1-examples.Rmd’
--- re-building ‘table1-latex.Rmd’ using rmarkdown
Warning in engine$weave(file, quiet = quiet, encoding = enc) :
Pandoc (>= 1.12.3) not available. Falling back to R Markdown v1.
Attaching package: 'flextable'
The following objects are masked from 'package:kableExtra':
as_image, footnote
Attaching package: 'table1'
The following objects are masked from 'package:base':
units, units<-
--- finished re-building ‘table1-latex.Rmd’
SUMMARY: processing the following file failed:
‘table1-examples.Rmd’
Error: Vignette re-building failed.
Execution halted
Flavors: r-release-macos-x86_64, r-oldrel-macos-x86_64