Last updated on 2022-04-24 03:52:40 CEST.
Flavor | Version | Tinstall | Tcheck | Ttotal | Status | Flags |
---|---|---|---|---|---|---|
r-devel-linux-x86_64-debian-clang | 0.4.0 | 6.23 | 78.30 | 84.53 | NOTE | |
r-devel-linux-x86_64-debian-gcc | 0.4.0 | 4.46 | 59.62 | 64.08 | NOTE | |
r-devel-linux-x86_64-fedora-clang | 0.4.0 | 86.50 | NOTE | |||
r-devel-linux-x86_64-fedora-gcc | 0.4.0 | 77.77 | NOTE | |||
r-patched-linux-x86_64 | 0.4.0 | 7.17 | 75.67 | 82.84 | NOTE | |
r-release-linux-x86_64 | 0.4.0 | 5.69 | 72.64 | 78.33 | NOTE | |
r-release-macos-arm64 | 0.4.0 | OK | ||||
r-release-macos-x86_64 | 0.4.0 | OK | ||||
r-release-windows-x86_64 | 0.4.0 | 34.00 | 145.00 | 179.00 | OK | |
r-oldrel-macos-arm64 | 0.4.0 | OK | ||||
r-oldrel-macos-x86_64 | 0.4.0 | OK | ||||
r-oldrel-windows-ix86+x86_64 | 0.4.0 | 28.00 | 119.00 | 147.00 | OK |
Version: 0.4.0
Check: for non-standard things in the check directory
Result: NOTE
Found the following files/directories:
'.xls' 'attenu.xls' 'chick1.xls' 'chick2.xls' 'generic1.xls'
'hands.xls' 'table1.xls'
Flavors: r-devel-linux-x86_64-debian-clang, r-devel-linux-x86_64-debian-gcc, r-devel-linux-x86_64-fedora-clang, r-devel-linux-x86_64-fedora-gcc, r-patched-linux-x86_64, r-release-linux-x86_64