Last updated on 2022-04-24 03:52:40 CEST.
Flavor | Version | Tinstall | Tcheck | Ttotal | Status | Flags |
---|---|---|---|---|---|---|
r-devel-linux-x86_64-debian-clang | 0.1.0 | 81.03 | 41.74 | 122.77 | OK | |
r-devel-linux-x86_64-debian-gcc | 0.1.0 | 68.72 | 32.27 | 100.99 | OK | |
r-devel-linux-x86_64-fedora-clang | 0.1.0 | 181.49 | OK | |||
r-devel-linux-x86_64-fedora-gcc | 0.1.0 | 158.46 | OK | |||
r-patched-linux-x86_64 | 0.1.0 | 71.77 | 40.67 | 112.44 | OK | |
r-release-linux-x86_64 | 0.1.0 | 71.71 | 39.73 | 111.44 | OK | |
r-release-macos-arm64 | 0.1.0 | NOTE | ||||
r-release-macos-x86_64 | 0.1.0 | OK | ||||
r-release-windows-x86_64 | 0.1.0 | 111.00 | 82.00 | 193.00 | OK | |
r-oldrel-macos-arm64 | 0.1.0 | NOTE | ||||
r-oldrel-macos-x86_64 | 0.1.0 | OK | ||||
r-oldrel-windows-ix86+x86_64 | 0.1.0 | 232.00 | 75.00 | 307.00 | OK |
Version: 0.1.0
Check: installed package size
Result: NOTE
installed size is 6.4Mb
sub-directories of 1Mb or more:
libs 6.3Mb
Flavors: r-release-macos-arm64, r-oldrel-macos-arm64