Last updated on 2022-04-24 03:52:40 CEST.
Flavor | Version | Tinstall | Tcheck | Ttotal | Status | Flags |
---|---|---|---|---|---|---|
r-devel-linux-x86_64-debian-clang | 1.1.1 | 5.27 | 89.90 | 95.17 | NOTE | |
r-devel-linux-x86_64-debian-gcc | 1.1.1 | 4.42 | 64.21 | 68.63 | NOTE | |
r-devel-linux-x86_64-fedora-clang | 1.1.1 | 111.46 | NOTE | |||
r-devel-linux-x86_64-fedora-gcc | 1.1.1 | 96.91 | NOTE | |||
r-patched-linux-x86_64 | 1.1.1 | 8.44 | 82.35 | 90.79 | NOTE | |
r-release-linux-x86_64 | 1.1.1 | 4.43 | 81.51 | 85.94 | NOTE | |
r-release-macos-arm64 | 1.1.1 | NOTE | ||||
r-release-macos-x86_64 | 1.1.1 | NOTE | ||||
r-release-windows-x86_64 | 1.1.1 | 41.00 | 114.00 | 155.00 | NOTE | |
r-oldrel-macos-arm64 | 1.1.1 | NOTE | ||||
r-oldrel-macos-x86_64 | 1.1.1 | NOTE | ||||
r-oldrel-windows-ix86+x86_64 | 1.1.1 | 10.00 | 100.00 | 110.00 | NOTE |
Version: 1.1.1
Check: LazyData
Result: NOTE
'LazyData' is specified without a 'data' directory
Flavors: r-devel-linux-x86_64-debian-clang, r-devel-linux-x86_64-debian-gcc, r-devel-linux-x86_64-fedora-clang, r-devel-linux-x86_64-fedora-gcc, r-patched-linux-x86_64, r-release-linux-x86_64, r-release-macos-arm64, r-release-macos-x86_64, r-release-windows-x86_64, r-oldrel-macos-arm64, r-oldrel-macos-x86_64, r-oldrel-windows-ix86+x86_64