Last updated on 2022-04-24 03:52:40 CEST.
Flavor | Version | Tinstall | Tcheck | Ttotal | Status | Flags |
---|---|---|---|---|---|---|
r-devel-linux-x86_64-debian-clang | 0.3.0 | 9.48 | 86.85 | 96.33 | NOTE | |
r-devel-linux-x86_64-debian-gcc | 0.3.0 | 8.00 | 63.64 | 71.64 | NOTE | |
r-devel-linux-x86_64-fedora-clang | 0.3.0 | 121.76 | NOTE | |||
r-devel-linux-x86_64-fedora-gcc | 0.3.0 | 106.10 | NOTE | |||
r-patched-linux-x86_64 | 0.3.0 | 10.55 | 79.75 | 90.30 | NOTE | |
r-release-linux-x86_64 | 0.3.0 | 5.98 | 77.80 | 83.78 | NOTE | |
r-release-macos-arm64 | 0.3.0 | NOTE | ||||
r-release-macos-x86_64 | 0.3.0 | NOTE | ||||
r-release-windows-x86_64 | 0.3.0 | 29.00 | 106.00 | 135.00 | NOTE | |
r-oldrel-macos-arm64 | 0.3.0 | NOTE | ||||
r-oldrel-macos-x86_64 | 0.3.0 | NOTE | ||||
r-oldrel-windows-ix86+x86_64 | 0.3.0 | 21.00 | 92.00 | 113.00 | NOTE |
Version: 0.3.0
Check: LazyData
Result: NOTE
'LazyData' is specified without a 'data' directory
Flavors: r-devel-linux-x86_64-debian-clang, r-devel-linux-x86_64-debian-gcc, r-devel-linux-x86_64-fedora-clang, r-devel-linux-x86_64-fedora-gcc, r-patched-linux-x86_64, r-release-linux-x86_64, r-release-macos-arm64, r-release-macos-x86_64, r-release-windows-x86_64, r-oldrel-macos-arm64, r-oldrel-macos-x86_64, r-oldrel-windows-ix86+x86_64