Last updated on 2022-04-24 03:52:40 CEST.
Flavor | Version | Tinstall | Tcheck | Ttotal | Status | Flags |
---|---|---|---|---|---|---|
r-devel-linux-x86_64-debian-clang | 1.0.0 | 6.62 | 82.10 | 88.72 | OK | |
r-devel-linux-x86_64-debian-gcc | 1.0.0 | 5.86 | 60.64 | 66.50 | OK | |
r-devel-linux-x86_64-fedora-clang | 1.0.0 | 0.00 | NOTE | |||
r-devel-linux-x86_64-fedora-gcc | 1.0.0 | 93.02 | NOTE | |||
r-patched-linux-x86_64 | 1.0.0 | 7.92 | 76.60 | 84.52 | OK | |
r-release-linux-x86_64 | 1.0.0 | 5.80 | 71.63 | 77.43 | OK | |
r-release-macos-arm64 | 1.0.0 | NOTE | ||||
r-release-macos-x86_64 | 1.0.0 | NOTE | ||||
r-release-windows-x86_64 | 1.0.0 | 147.00 | 103.00 | 250.00 | OK | |
r-oldrel-macos-arm64 | 1.0.0 | NOTE | ||||
r-oldrel-macos-x86_64 | 1.0.0 | NOTE | ||||
r-oldrel-windows-ix86+x86_64 | 1.0.0 | 15.00 | 91.00 | 106.00 | OK |
Version: 1.0.0
Check: data for non-ASCII characters
Result: NOTE
Note: found 50 marked UTF-8 strings
Flavors: r-devel-linux-x86_64-fedora-clang, r-devel-linux-x86_64-fedora-gcc, r-release-macos-arm64, r-release-macos-x86_64, r-oldrel-macos-arm64, r-oldrel-macos-x86_64