Last updated on 2022-04-24 03:52:40 CEST.
Flavor | Version | Tinstall | Tcheck | Ttotal | Status | Flags |
---|---|---|---|---|---|---|
r-devel-linux-x86_64-debian-clang | 0.1.0 | 2.11 | 32.52 | 34.63 | NOTE | |
r-devel-linux-x86_64-debian-gcc | 0.1.0 | 2.09 | 25.02 | 27.11 | NOTE | |
r-devel-linux-x86_64-fedora-clang | 0.1.0 | 43.67 | NOTE | |||
r-devel-linux-x86_64-fedora-gcc | 0.1.0 | 32.09 | NOTE | |||
r-patched-linux-x86_64 | 0.1.0 | 2.95 | 31.71 | 34.66 | NOTE | |
r-release-linux-x86_64 | 0.1.0 | 2.59 | 30.35 | 32.94 | NOTE | |
r-release-macos-arm64 | 0.1.0 | NOTE | ||||
r-release-macos-x86_64 | 0.1.0 | NOTE | ||||
r-release-windows-x86_64 | 0.1.0 | 13.00 | 47.00 | 60.00 | NOTE | |
r-oldrel-macos-arm64 | 0.1.0 | NOTE | ||||
r-oldrel-macos-x86_64 | 0.1.0 | NOTE | ||||
r-oldrel-windows-ix86+x86_64 | 0.1.0 | 6.00 | 30.00 | 36.00 | NOTE |
Version: 0.1.0
Check: LazyData
Result: NOTE
'LazyData' is specified without a 'data' directory
Flavors: r-devel-linux-x86_64-debian-clang, r-devel-linux-x86_64-debian-gcc, r-devel-linux-x86_64-fedora-clang, r-devel-linux-x86_64-fedora-gcc, r-patched-linux-x86_64, r-release-linux-x86_64, r-release-macos-arm64, r-release-macos-x86_64, r-release-windows-x86_64, r-oldrel-macos-arm64, r-oldrel-macos-x86_64, r-oldrel-windows-ix86+x86_64