Last updated on 2022-04-24 03:52:40 CEST.
Flavor | Version | Tinstall | Tcheck | Ttotal | Status | Flags |
---|---|---|---|---|---|---|
r-devel-linux-x86_64-debian-clang | 0.1.2 | 43.58 | 130.02 | 173.60 | OK | |
r-devel-linux-x86_64-debian-gcc | 0.1.2 | 38.40 | 100.58 | 138.98 | OK | |
r-devel-linux-x86_64-fedora-clang | 0.1.2 | 233.04 | OK | |||
r-devel-linux-x86_64-fedora-gcc | 0.1.2 | 201.41 | OK | |||
r-patched-linux-x86_64 | 0.1.2 | 43.07 | 119.15 | 162.22 | OK | |
r-release-linux-x86_64 | 0.1.2 | 43.92 | 112.38 | 156.30 | OK | |
r-release-macos-arm64 | 0.1.2 | NOTE | ||||
r-release-macos-x86_64 | 0.1.2 | OK | ||||
r-release-windows-x86_64 | 0.1.2 | 108.00 | 177.00 | 285.00 | OK | |
r-oldrel-macos-arm64 | 0.1.2 | NOTE | ||||
r-oldrel-macos-x86_64 | 0.1.2 | OK | ||||
r-oldrel-windows-ix86+x86_64 | 0.1.2 | 104.00 | 169.00 | 273.00 | OK |
Version: 0.1.2
Check: installed package size
Result: NOTE
installed size is 5.3Mb
sub-directories of 1Mb or more:
libs 4.2Mb
Flavors: r-release-macos-arm64, r-oldrel-macos-arm64