Last updated on 2022-04-24 03:52:40 CEST.
Flavor | Version | Tinstall | Tcheck | Ttotal | Status | Flags |
---|---|---|---|---|---|---|
r-devel-linux-x86_64-debian-clang | 0.1.1 | 7.66 | 86.83 | 94.49 | OK | |
r-devel-linux-x86_64-debian-gcc | 0.1.1 | 7.46 | 65.50 | 72.96 | OK | |
r-devel-linux-x86_64-fedora-clang | 0.1.1 | 116.19 | NOTE | |||
r-devel-linux-x86_64-fedora-gcc | 0.1.1 | 102.76 | NOTE | |||
r-patched-linux-x86_64 | 0.1.1 | 9.88 | 82.81 | 92.69 | OK | |
r-release-linux-x86_64 | 0.1.1 | 7.14 | 79.33 | 86.47 | OK | |
r-release-macos-arm64 | 0.1.1 | NOTE | ||||
r-release-macos-x86_64 | 0.1.1 | NOTE | ||||
r-release-windows-x86_64 | 0.1.1 | 19.00 | 106.00 | 125.00 | OK | |
r-oldrel-macos-arm64 | 0.1.1 | NOTE | ||||
r-oldrel-macos-x86_64 | 0.1.1 | NOTE | ||||
r-oldrel-windows-ix86+x86_64 | 0.1.1 | 19.00 | 94.00 | 113.00 | OK |
Version: 0.1.1
Check: dependencies in R code
Result: NOTE
Namespaces in Imports field not imported from:
‘colorspace’ ‘psych’
All declared Imports should be used.
Flavors: r-devel-linux-x86_64-fedora-clang, r-devel-linux-x86_64-fedora-gcc, r-release-macos-arm64, r-release-macos-x86_64, r-oldrel-macos-arm64, r-oldrel-macos-x86_64