Last updated on 2022-04-24 03:52:40 CEST.
Flavor | Version | Tinstall | Tcheck | Ttotal | Status | Flags |
---|---|---|---|---|---|---|
r-devel-linux-x86_64-debian-clang | 1.2-11 | 8.25 | 49.17 | 57.42 | NOTE | |
r-devel-linux-x86_64-debian-gcc | 1.2-11 | 5.35 | 38.60 | 43.95 | NOTE | |
r-devel-linux-x86_64-fedora-clang | 1.2-11 | 69.88 | NOTE | |||
r-devel-linux-x86_64-fedora-gcc | 1.2-11 | 58.48 | NOTE | |||
r-patched-linux-x86_64 | 1.2-11 | 7.66 | 48.95 | 56.61 | NOTE | |
r-release-linux-x86_64 | 1.2-11 | 7.07 | 48.21 | 55.28 | NOTE | |
r-release-macos-arm64 | 1.2-11 | NOTE | ||||
r-release-macos-x86_64 | 1.2-11 | NOTE | ||||
r-release-windows-x86_64 | 1.2-11 | 682.00 | 73.00 | 755.00 | NOTE | |
r-oldrel-macos-arm64 | 1.2-11 | NOTE | ||||
r-oldrel-macos-x86_64 | 1.2-11 | NOTE | ||||
r-oldrel-windows-ix86+x86_64 | 1.2-11 | 12.00 | 38.00 | 50.00 | NOTE |
Version: 1.2-11
Check: DESCRIPTION meta-information
Result: NOTE
Malformed Description field: should contain one or more complete sentences.
Flavors: r-devel-linux-x86_64-debian-clang, r-devel-linux-x86_64-debian-gcc, r-devel-linux-x86_64-fedora-clang, r-devel-linux-x86_64-fedora-gcc, r-patched-linux-x86_64, r-release-linux-x86_64, r-release-macos-arm64, r-release-macos-x86_64, r-release-windows-x86_64, r-oldrel-macos-arm64, r-oldrel-macos-x86_64, r-oldrel-windows-ix86+x86_64
Version: 1.2-11
Check: installed package size
Result: NOTE
installed size is 5.2Mb
sub-directories of 1Mb or more:
tklibs 4.9Mb
Flavors: r-devel-linux-x86_64-fedora-clang, r-release-macos-arm64, r-release-macos-x86_64, r-oldrel-macos-arm64, r-oldrel-macos-x86_64