Last updated on 2022-04-24 03:52:40 CEST.
Flavor | Version | Tinstall | Tcheck | Ttotal | Status | Flags |
---|---|---|---|---|---|---|
r-devel-linux-x86_64-debian-clang | 1.0 | 8.72 | 77.11 | 85.83 | OK | |
r-devel-linux-x86_64-debian-gcc | 1.0 | 5.32 | 57.56 | 62.88 | OK | |
r-devel-linux-x86_64-fedora-clang | 1.0 | 98.81 | NOTE | |||
r-devel-linux-x86_64-fedora-gcc | 1.0 | 87.65 | OK | |||
r-patched-linux-x86_64 | 1.0 | 7.08 | 71.85 | 78.93 | OK | |
r-release-linux-x86_64 | 1.0 | 7.08 | 68.99 | 76.07 | OK | |
r-release-macos-arm64 | 1.0 | OK | ||||
r-release-macos-x86_64 | 1.0 | OK | ||||
r-release-windows-x86_64 | 1.0 | 15.00 | 94.00 | 109.00 | OK | |
r-oldrel-macos-arm64 | 1.0 | OK | ||||
r-oldrel-macos-x86_64 | 1.0 | OK | ||||
r-oldrel-windows-ix86+x86_64 | 1.0 | 17.00 | 62.00 | 79.00 | OK |
Version: 1.0
Check: Rd cross-references
Result: NOTE
Undeclared package ‘survivalROC’ in Rd xrefs
Flavor: r-devel-linux-x86_64-fedora-clang