Last updated on 2022-04-24 03:52:40 CEST.
Flavor | Version | Tinstall | Tcheck | Ttotal | Status | Flags |
---|---|---|---|---|---|---|
r-devel-linux-x86_64-debian-clang | 0.1.0 | 2.72 | 43.33 | 46.05 | NOTE | |
r-devel-linux-x86_64-debian-gcc | 0.1.0 | 2.25 | 33.19 | 35.44 | NOTE | |
r-devel-linux-x86_64-fedora-clang | 0.1.0 | 56.96 | NOTE | |||
r-devel-linux-x86_64-fedora-gcc | 0.1.0 | 45.00 | NOTE | |||
r-patched-linux-x86_64 | 0.1.0 | 2.88 | 40.57 | 43.45 | NOTE | |
r-release-linux-x86_64 | 0.1.0 | 2.13 | 40.71 | 42.84 | NOTE | |
r-release-macos-arm64 | 0.1.0 | NOTE | ||||
r-release-macos-x86_64 | 0.1.0 | NOTE | ||||
r-release-windows-x86_64 | 0.1.0 | 34.00 | 63.00 | 97.00 | NOTE | |
r-oldrel-macos-arm64 | 0.1.0 | NOTE | ||||
r-oldrel-macos-x86_64 | 0.1.0 | NOTE | ||||
r-oldrel-windows-ix86+x86_64 | 0.1.0 | 6.00 | 52.00 | 58.00 | NOTE |
Version: 0.1.0
Check: LazyData
Result: NOTE
'LazyData' is specified without a 'data' directory
Flavors: r-devel-linux-x86_64-debian-clang, r-devel-linux-x86_64-debian-gcc, r-devel-linux-x86_64-fedora-clang, r-devel-linux-x86_64-fedora-gcc, r-patched-linux-x86_64, r-release-linux-x86_64, r-release-macos-arm64, r-release-macos-x86_64, r-release-windows-x86_64, r-oldrel-macos-arm64, r-oldrel-macos-x86_64, r-oldrel-windows-ix86+x86_64