Last updated on 2022-04-24 03:52:40 CEST.
Flavor | Version | Tinstall | Tcheck | Ttotal | Status | Flags |
---|---|---|---|---|---|---|
r-devel-linux-x86_64-debian-clang | 0.0.4 | 5.57 | 81.20 | 86.77 | OK | |
r-devel-linux-x86_64-debian-gcc | 0.0.4 | 4.74 | 58.74 | 63.48 | OK | |
r-devel-linux-x86_64-fedora-clang | 0.0.4 | 100.92 | NOTE | |||
r-devel-linux-x86_64-fedora-gcc | 0.0.4 | 89.62 | OK | |||
r-patched-linux-x86_64 | 0.0.4 | 5.46 | 74.73 | 80.19 | OK | |
r-release-linux-x86_64 | 0.0.4 | 4.10 | 67.39 | 71.49 | OK | |
r-release-macos-arm64 | 0.0.4 | OK | ||||
r-release-macos-x86_64 | 0.0.4 | OK | ||||
r-release-windows-x86_64 | 0.0.4 | 61.00 | 97.00 | 158.00 | OK | |
r-oldrel-macos-arm64 | 0.0.4 | OK | ||||
r-oldrel-macos-x86_64 | 0.0.4 | OK | ||||
r-oldrel-windows-ix86+x86_64 | 0.0.4 | 14.00 | 84.00 | 98.00 | OK |
Version: 0.0.4
Check: Rd cross-references
Result: NOTE
Undeclared package ‘scales’ in Rd xrefs
Flavor: r-devel-linux-x86_64-fedora-clang