Last updated on 2022-04-24 03:52:40 CEST.
Flavor | Version | Tinstall | Tcheck | Ttotal | Status | Flags |
---|---|---|---|---|---|---|
r-devel-linux-x86_64-debian-clang | 2.4.0 | 12.12 | 48.59 | 60.71 | NOTE | |
r-devel-linux-x86_64-debian-gcc | 2.4.0 | 10.55 | 38.09 | 48.64 | NOTE | |
r-devel-linux-x86_64-fedora-clang | 2.4.0 | 78.89 | NOTE | |||
r-devel-linux-x86_64-fedora-gcc | 2.4.0 | 65.18 | NOTE | |||
r-patched-linux-x86_64 | 2.4.0 | 15.13 | 47.61 | 62.74 | NOTE | |
r-release-linux-x86_64 | 2.4.0 | 11.07 | 49.96 | 61.03 | NOTE | |
r-release-macos-arm64 | 2.4.0 | NOTE | ||||
r-release-macos-x86_64 | 2.4.0 | NOTE | ||||
r-release-windows-x86_64 | 2.4.0 | 91.00 | 84.00 | 175.00 | NOTE | |
r-oldrel-macos-arm64 | 2.4.0 | NOTE | ||||
r-oldrel-macos-x86_64 | 2.4.0 | NOTE | ||||
r-oldrel-windows-ix86+x86_64 | 2.4.0 | 33.00 | 66.00 | 99.00 | NOTE |
Version: 2.4.0
Check: LazyData
Result: NOTE
'LazyData' is specified without a 'data' directory
Flavors: r-devel-linux-x86_64-debian-clang, r-devel-linux-x86_64-debian-gcc, r-devel-linux-x86_64-fedora-clang, r-devel-linux-x86_64-fedora-gcc, r-patched-linux-x86_64, r-release-linux-x86_64, r-release-macos-arm64, r-release-macos-x86_64, r-release-windows-x86_64, r-oldrel-macos-arm64, r-oldrel-macos-x86_64, r-oldrel-windows-ix86+x86_64