Last updated on 2022-04-24 03:52:40 CEST.
Flavor | Version | Tinstall | Tcheck | Ttotal | Status | Flags |
---|---|---|---|---|---|---|
r-devel-linux-x86_64-debian-clang | 0.3.1 | 14.91 | 131.32 | 146.23 | NOTE | |
r-devel-linux-x86_64-debian-gcc | 0.3.1 | 11.83 | 99.41 | 111.24 | NOTE | |
r-devel-linux-x86_64-fedora-clang | 0.3.1 | 173.36 | NOTE | |||
r-devel-linux-x86_64-fedora-gcc | 0.3.1 | 170.00 | NOTE | |||
r-patched-linux-x86_64 | 0.3.1 | 16.63 | 124.85 | 141.48 | NOTE | |
r-release-linux-x86_64 | 0.3.1 | 14.19 | 119.93 | 134.12 | NOTE | |
r-release-macos-arm64 | 0.3.1 | NOTE | ||||
r-release-macos-x86_64 | 0.3.1 | NOTE | ||||
r-release-windows-x86_64 | 0.3.1 | 70.00 | 143.00 | 213.00 | NOTE | |
r-oldrel-macos-arm64 | 0.3.1 | NOTE | ||||
r-oldrel-macos-x86_64 | 0.3.1 | NOTE | ||||
r-oldrel-windows-ix86+x86_64 | 0.3.1 | 33.00 | 138.00 | 171.00 | OK |
Version: 0.3.1
Check: package dependencies
Result: NOTE
Package suggested but not available for checking: 'INLA'
Flavors: r-devel-linux-x86_64-debian-clang, r-devel-linux-x86_64-debian-gcc, r-patched-linux-x86_64, r-release-linux-x86_64, r-release-macos-arm64, r-release-macos-x86_64, r-release-windows-x86_64, r-oldrel-macos-arm64, r-oldrel-macos-x86_64
Version: 0.3.1
Check: dependencies in R code
Result: NOTE
Namespaces in Imports field not imported from:
‘abind’ ‘ica’
All declared Imports should be used.
Flavors: r-devel-linux-x86_64-fedora-clang, r-devel-linux-x86_64-fedora-gcc, r-release-macos-arm64, r-release-macos-x86_64, r-oldrel-macos-arm64, r-oldrel-macos-x86_64