Last updated on 2022-04-24 03:52:40 CEST.
Flavor | Version | Tinstall | Tcheck | Ttotal | Status | Flags |
---|---|---|---|---|---|---|
r-devel-linux-x86_64-debian-clang | 2.8.0 | 10.94 | 86.09 | 97.03 | OK | |
r-devel-linux-x86_64-debian-gcc | 2.8.0 | 7.94 | 65.67 | 73.61 | OK | |
r-devel-linux-x86_64-fedora-clang | 2.8.0 | 117.86 | NOTE | |||
r-devel-linux-x86_64-fedora-gcc | 2.8.0 | 103.96 | OK | |||
r-patched-linux-x86_64 | 2.8.0 | 12.62 | 83.40 | 96.02 | OK | |
r-release-linux-x86_64 | 2.8.0 | 8.26 | 77.55 | 85.81 | OK | |
r-release-macos-arm64 | 2.8.0 | OK | ||||
r-release-macos-x86_64 | 2.8.0 | OK | ||||
r-release-windows-x86_64 | 2.8.0 | 68.00 | 103.00 | 171.00 | OK | |
r-oldrel-macos-arm64 | 2.8.0 | OK | ||||
r-oldrel-macos-x86_64 | 2.8.0 | OK | ||||
r-oldrel-windows-ix86+x86_64 | 2.8.0 | 19.00 | 91.00 | 110.00 | OK |
Version: 2.8.0
Check: Rd cross-references
Result: NOTE
Undeclared package ‘tfestimators’ in Rd xrefs
Flavor: r-devel-linux-x86_64-fedora-clang