Last updated on 2022-04-24 03:52:40 CEST.
Flavor | Version | Tinstall | Tcheck | Ttotal | Status | Flags |
---|---|---|---|---|---|---|
r-devel-linux-x86_64-debian-clang | 0.1.1 | 16.76 | 110.98 | 127.74 | NOTE | |
r-devel-linux-x86_64-debian-gcc | 0.1.1 | 10.56 | 82.59 | 93.15 | NOTE | |
r-devel-linux-x86_64-fedora-clang | 0.1.1 | 155.84 | NOTE | |||
r-devel-linux-x86_64-fedora-gcc | 0.1.1 | 144.23 | NOTE | |||
r-patched-linux-x86_64 | 0.1.1 | 14.20 | 104.52 | 118.72 | NOTE | |
r-release-linux-x86_64 | 0.1.1 | 12.69 | 97.07 | 109.76 | NOTE | |
r-release-macos-arm64 | 0.1.1 | NOTE | ||||
r-release-macos-x86_64 | 0.1.1 | NOTE | ||||
r-release-windows-x86_64 | 0.1.1 | 79.00 | 127.00 | 206.00 | NOTE | |
r-oldrel-macos-arm64 | 0.1.1 | NOTE | ||||
r-oldrel-macos-x86_64 | 0.1.1 | NOTE | ||||
r-oldrel-windows-ix86+x86_64 | 0.1.1 | 30.00 | 116.00 | 146.00 | NOTE |
Version: 0.1.1
Check: LazyData
Result: NOTE
'LazyData' is specified without a 'data' directory
Flavors: r-devel-linux-x86_64-debian-clang, r-devel-linux-x86_64-debian-gcc, r-devel-linux-x86_64-fedora-clang, r-devel-linux-x86_64-fedora-gcc, r-patched-linux-x86_64, r-release-linux-x86_64, r-release-macos-arm64, r-release-macos-x86_64, r-release-windows-x86_64, r-oldrel-macos-arm64, r-oldrel-macos-x86_64, r-oldrel-windows-ix86+x86_64