Last updated on 2022-04-24 03:52:40 CEST.
Flavor | Version | Tinstall | Tcheck | Ttotal | Status | Flags |
---|---|---|---|---|---|---|
r-devel-linux-x86_64-debian-clang | 1.5-21 | 470.52 | 338.99 | 809.51 | WARN | |
r-devel-linux-x86_64-debian-gcc | 1.5-21 | 457.51 | 245.64 | 703.15 | OK | |
r-devel-linux-x86_64-fedora-clang | 1.5-21 | 1137.64 | WARN | |||
r-devel-linux-x86_64-fedora-gcc | 1.5-21 | 1130.00 | OK | |||
r-patched-linux-x86_64 | 1.5-21 | 473.77 | 326.76 | 800.53 | OK | |
r-release-linux-x86_64 | 1.5-21 | 459.42 | 306.95 | 766.37 | OK | |
r-release-macos-arm64 | 1.5-21 | NOTE | ||||
r-release-macos-x86_64 | 1.5-21 | NOTE | ||||
r-release-windows-x86_64 | 1.5-21 | 607.00 | 857.00 | 1464.00 | NOTE | |
r-oldrel-macos-arm64 | 1.5-21 | NOTE | ||||
r-oldrel-macos-x86_64 | 1.5-21 | NOTE | ||||
r-oldrel-windows-ix86+x86_64 | 1.5-21 | 1184.00 | 880.00 | 2064.00 | NOTE |
Version: 1.5-21
Check: whether package can be installed
Result: WARN
Found the following significant warnings:
RcppFunctions.cpp:389:14: warning: use of bitwise '|' with boolean operands [-Wbitwise-instead-of-logical]
arith.cpp:166:8: warning: use of bitwise '&' with boolean operands [-Wbitwise-instead-of-logical]
./vecmath.h:621:17: warning: use of bitwise '|' with boolean operands [-Wbitwise-instead-of-logical]
./vecmath.h:642:17: warning: use of bitwise '|' with boolean operands [-Wbitwise-instead-of-logical]
./vecmath.h:686:17: warning: use of bitwise '|' with boolean operands [-Wbitwise-instead-of-logical]
./vecmath.h:664:17: warning: use of bitwise '|' with boolean operands [-Wbitwise-instead-of-logical]
gdalio.cpp:316:13: warning: use of bitwise '&' with boolean operands [-Wbitwise-instead-of-logical]
./geos_spat.h:332:6: warning: use of bitwise '|' with boolean operands [-Wbitwise-instead-of-logical]
raster_methods.cpp:1166:9: warning: use of bitwise '|' with boolean operands [-Wbitwise-instead-of-logical]
raster_methods.cpp:2712:17: warning: use of bitwise '|' with boolean operands [-Wbitwise-instead-of-logical]
raster_methods.cpp:2727:17: warning: use of bitwise '|' with boolean operands [-Wbitwise-instead-of-logical]
raster_methods.cpp:2744:17: warning: use of bitwise '|' with boolean operands [-Wbitwise-instead-of-logical]
raster_methods.cpp:2761:17: warning: use of bitwise '|' with boolean operands [-Wbitwise-instead-of-logical]
raster_methods.cpp:2833:11: warning: use of bitwise '&' with boolean operands [-Wbitwise-instead-of-logical]
raster_methods.cpp:2868:12: warning: use of bitwise '&' with boolean operands [-Wbitwise-instead-of-logical]
raster_methods.cpp:2891:12: warning: use of bitwise '&' with boolean operands [-Wbitwise-instead-of-logical]
raster_methods.cpp:2929:12: warning: use of bitwise '&' with boolean operands [-Wbitwise-instead-of-logical]
raster_methods.cpp:2953:12: warning: use of bitwise '&' with boolean operands [-Wbitwise-instead-of-logical]
raster_stats.cpp:177:6: warning: use of bitwise '|' with boolean operands [-Wbitwise-instead-of-logical]
spatBase.cpp:440:10: warning: use of bitwise '&' with boolean operands [-Wbitwise-instead-of-logical]
spatRaster.cpp:1658:21: warning: use of bitwise '|' with boolean operands [-Wbitwise-instead-of-logical]
spatRaster.cpp:2011:6: warning: use of bitwise '&' with boolean operands [-Wbitwise-instead-of-logical]
spatVector.cpp:798:7: warning: use of bitwise '&' with boolean operands [-Wbitwise-instead-of-logical]
spatVector.cpp:866:7: warning: use of bitwise '&' with boolean operands [-Wbitwise-instead-of-logical]
./vecmath.h:485:17: warning: use of bitwise '|' with boolean operands [-Wbitwise-instead-of-logical]
write_gdal.cpp:355:6: warning: use of bitwise '&' with boolean operands [-Wbitwise-instead-of-logical]
Flavor: r-devel-linux-x86_64-debian-clang
Version: 1.5-21
Check: whether package can be installed
Result: WARN
Found the following significant warnings:
RcppFunctions.cpp:389:14: warning: use of bitwise '|' with boolean operands [-Wbitwise-instead-of-logical]
arith.cpp:166:8: warning: use of bitwise '&' with boolean operands [-Wbitwise-instead-of-logical]
./vecmath.h:621:17: warning: use of bitwise '|' with boolean operands [-Wbitwise-instead-of-logical]
./vecmath.h:642:17: warning: use of bitwise '|' with boolean operands [-Wbitwise-instead-of-logical]
./vecmath.h:686:17: warning: use of bitwise '|' with boolean operands [-Wbitwise-instead-of-logical]
./vecmath.h:664:17: warning: use of bitwise '|' with boolean operands [-Wbitwise-instead-of-logical]
gdalio.cpp:316:13: warning: use of bitwise '&' with boolean operands [-Wbitwise-instead-of-logical]
./geos_spat.h:332:6: warning: use of bitwise '|' with boolean operands [-Wbitwise-instead-of-logical]
raster_methods.cpp:1166:9: warning: use of bitwise '|' with boolean operands [-Wbitwise-instead-of-logical]
raster_methods.cpp:2712:17: warning: use of bitwise '|' with boolean operands [-Wbitwise-instead-of-logical]
raster_methods.cpp:2727:17: warning: use of bitwise '|' with boolean operands [-Wbitwise-instead-of-logical]
raster_methods.cpp:2744:17: warning: use of bitwise '|' with boolean operands [-Wbitwise-instead-of-logical]
raster_methods.cpp:2761:17: warning: use of bitwise '|' with boolean operands [-Wbitwise-instead-of-logical]
raster_methods.cpp:2833:11: warning: use of bitwise '&' with boolean operands [-Wbitwise-instead-of-logical]
raster_methods.cpp:2868:12: warning: use of bitwise '&' with boolean operands [-Wbitwise-instead-of-logical]
raster_methods.cpp:2891:12: warning: use of bitwise '&' with boolean operands [-Wbitwise-instead-of-logical]
raster_methods.cpp:2929:12: warning: use of bitwise '&' with boolean operands [-Wbitwise-instead-of-logical]
raster_methods.cpp:2953:12: warning: use of bitwise '&' with boolean operands [-Wbitwise-instead-of-logical]
raster_stats.cpp:177:6: warning: use of bitwise '|' with boolean operands [-Wbitwise-instead-of-logical]
spatBase.cpp:440:10: warning: use of bitwise '&' with boolean operands [-Wbitwise-instead-of-logical]
spatVector.cpp:798:7: warning: use of bitwise '&' with boolean operands [-Wbitwise-instead-of-logical]
spatVector.cpp:866:7: warning: use of bitwise '&' with boolean operands [-Wbitwise-instead-of-logical]
spatRaster.cpp:1658:21: warning: use of bitwise '|' with boolean operands [-Wbitwise-instead-of-logical]
spatRaster.cpp:2011:6: warning: use of bitwise '&' with boolean operands [-Wbitwise-instead-of-logical]
./vecmath.h:485:17: warning: use of bitwise '|' with boolean operands [-Wbitwise-instead-of-logical]
write_gdal.cpp:355:6: warning: use of bitwise '&' with boolean operands [-Wbitwise-instead-of-logical]
Flavor: r-devel-linux-x86_64-fedora-clang
Version: 1.5-21
Check: installed package size
Result: NOTE
installed size is 32.2Mb
sub-directories of 1Mb or more:
R 1.7Mb
libs 29.5Mb
Flavors: r-devel-linux-x86_64-fedora-clang, r-release-macos-arm64, r-release-macos-x86_64, r-release-windows-x86_64, r-oldrel-macos-arm64, r-oldrel-macos-x86_64, r-oldrel-windows-ix86+x86_64