Last updated on 2022-04-24 03:52:40 CEST.
Flavor | Version | Tinstall | Tcheck | Ttotal | Status | Flags |
---|---|---|---|---|---|---|
r-devel-linux-x86_64-debian-clang | 0.6.1 | 6.79 | 105.04 | 111.83 | OK | |
r-devel-linux-x86_64-debian-gcc | 0.6.1 | 5.24 | 78.15 | 83.39 | OK | |
r-devel-linux-x86_64-fedora-clang | 0.6.1 | 131.84 | NOTE | |||
r-devel-linux-x86_64-fedora-gcc | 0.6.1 | 117.12 | NOTE | |||
r-patched-linux-x86_64 | 0.6.1 | 7.86 | 98.80 | 106.66 | OK | |
r-release-linux-x86_64 | 0.6.1 | 5.22 | 92.73 | 97.95 | OK | |
r-release-macos-arm64 | 0.6.1 | NOTE | ||||
r-release-macos-x86_64 | 0.6.1 | NOTE | ||||
r-release-windows-x86_64 | 0.6.1 | 55.00 | 118.00 | 173.00 | OK | |
r-oldrel-macos-arm64 | 0.6.1 | NOTE | ||||
r-oldrel-macos-x86_64 | 0.6.1 | NOTE | ||||
r-oldrel-windows-ix86+x86_64 | 0.6.1 | 13.00 | 104.00 | 117.00 | OK |
Version: 0.6.1
Check: dependencies in R code
Result: NOTE
Namespace in Imports field not imported from: ‘rgdal’
All declared Imports should be used.
Flavors: r-devel-linux-x86_64-fedora-clang, r-devel-linux-x86_64-fedora-gcc, r-release-macos-arm64, r-release-macos-x86_64, r-oldrel-macos-arm64, r-oldrel-macos-x86_64