Last updated on 2022-04-24 03:52:40 CEST.
Flavor | Version | Tinstall | Tcheck | Ttotal | Status | Flags |
---|---|---|---|---|---|---|
r-devel-linux-x86_64-debian-clang | 5.0.0 | 21.94 | 130.08 | 152.02 | OK | |
r-devel-linux-x86_64-debian-gcc | 5.0.0 | 18.61 | 175.52 | 194.13 | OK | |
r-devel-linux-x86_64-fedora-clang | 5.0.0 | 149.81 | OK | |||
r-devel-linux-x86_64-fedora-gcc | 5.0.0 | 147.13 | OK | |||
r-patched-linux-x86_64 | 5.0.0 | 20.07 | 118.52 | 138.59 | OK | |
r-release-linux-x86_64 | 5.0.0 | 20.53 | 117.89 | 138.42 | OK | |
r-release-macos-arm64 | 5.0.0 | NOTE | ||||
r-release-macos-x86_64 | 5.0.0 | NOTE | ||||
r-release-windows-x86_64 | 5.0.0 | 66.00 | 150.00 | 216.00 | NOTE | |
r-oldrel-macos-arm64 | 5.0.0 | NOTE | ||||
r-oldrel-macos-x86_64 | 5.0.0 | NOTE | ||||
r-oldrel-windows-ix86+x86_64 | 5.0.0 | 73.00 | 156.00 | 229.00 | NOTE |
Version: 5.0.0
Check: installed package size
Result: NOTE
installed size is 31.2Mb
sub-directories of 1Mb or more:
doc 1.0Mb
libs 7.9Mb
tessdata 22.2Mb
Flavors: r-release-macos-arm64, r-release-macos-x86_64, r-release-windows-x86_64, r-oldrel-macos-arm64, r-oldrel-macos-x86_64, r-oldrel-windows-ix86+x86_64