Last updated on 2022-04-24 03:52:40 CEST.
Flavor | Version | Tinstall | Tcheck | Ttotal | Status | Flags |
---|---|---|---|---|---|---|
r-devel-linux-x86_64-debian-clang | 0.2.0 | 7.24 | 97.26 | 104.50 | OK | |
r-devel-linux-x86_64-debian-gcc | 0.2.0 | 5.08 | 71.17 | 76.25 | OK | |
r-devel-linux-x86_64-fedora-clang | 0.2.0 | 140.26 | NOTE | |||
r-devel-linux-x86_64-fedora-gcc | 0.2.0 | 127.94 | NOTE | |||
r-patched-linux-x86_64 | 0.2.0 | 6.17 | 90.51 | 96.68 | OK | |
r-release-linux-x86_64 | 0.2.0 | 7.18 | 87.83 | 95.01 | OK | |
r-release-macos-arm64 | 0.2.0 | OK | ||||
r-release-macos-x86_64 | 0.2.0 | OK | ||||
r-release-windows-x86_64 | 0.2.0 | 15.00 | 129.00 | 144.00 | OK | |
r-oldrel-macos-arm64 | 0.2.0 | OK | ||||
r-oldrel-macos-x86_64 | 0.2.0 | OK | ||||
r-oldrel-windows-ix86+x86_64 | 0.2.0 | 17.00 | 101.00 | 118.00 | OK |
Version: 0.2.0
Check: for detritus in the temp directory
Result: NOTE
Found the following files/directories:
‘par-7269706c6579’
Flavors: r-devel-linux-x86_64-fedora-clang, r-devel-linux-x86_64-fedora-gcc