Last updated on 2022-04-24 03:52:40 CEST.
Flavor | Version | Tinstall | Tcheck | Ttotal | Status | Flags |
---|---|---|---|---|---|---|
r-devel-linux-x86_64-debian-clang | 0.1.2 | 2.44 | 35.84 | 38.28 | NOTE | |
r-devel-linux-x86_64-debian-gcc | 0.1.2 | 2.32 | 27.01 | 29.33 | NOTE | |
r-devel-linux-x86_64-fedora-clang | 0.1.2 | 47.09 | NOTE | |||
r-devel-linux-x86_64-fedora-gcc | 0.1.2 | 36.02 | NOTE | |||
r-patched-linux-x86_64 | 0.1.2 | 2.60 | 34.15 | 36.75 | NOTE | |
r-release-linux-x86_64 | 0.1.2 | 2.68 | 33.99 | 36.67 | NOTE | |
r-release-macos-arm64 | 0.1.2 | NOTE | ||||
r-release-macos-x86_64 | 0.1.2 | NOTE | ||||
r-release-windows-x86_64 | 0.1.2 | 19.00 | 56.00 | 75.00 | NOTE | |
r-oldrel-macos-arm64 | 0.1.2 | NOTE | ||||
r-oldrel-macos-x86_64 | 0.1.2 | NOTE | ||||
r-oldrel-windows-ix86+x86_64 | 0.1.2 | 6.00 | 31.00 | 37.00 | NOTE |
Version: 0.1.2
Check: LazyData
Result: NOTE
'LazyData' is specified without a 'data' directory
Flavors: r-devel-linux-x86_64-debian-clang, r-devel-linux-x86_64-debian-gcc, r-devel-linux-x86_64-fedora-clang, r-devel-linux-x86_64-fedora-gcc, r-patched-linux-x86_64, r-release-linux-x86_64, r-release-macos-arm64, r-release-macos-x86_64, r-release-windows-x86_64, r-oldrel-macos-arm64, r-oldrel-macos-x86_64, r-oldrel-windows-ix86+x86_64