Last updated on 2022-04-24 03:52:40 CEST.
Flavor | Version | Tinstall | Tcheck | Ttotal | Status | Flags |
---|---|---|---|---|---|---|
r-devel-linux-x86_64-debian-clang | 0.2.0 | 61.65 | 133.39 | 195.04 | OK | |
r-devel-linux-x86_64-debian-gcc | 0.2.0 | 46.96 | 96.14 | 143.10 | OK | |
r-devel-linux-x86_64-fedora-clang | 0.2.0 | 252.50 | NOTE | |||
r-devel-linux-x86_64-fedora-gcc | 0.2.0 | 222.47 | NOTE | |||
r-patched-linux-x86_64 | 0.2.0 | 45.96 | 124.45 | 170.41 | OK | |
r-release-linux-x86_64 | 0.2.0 | 36.40 | 115.91 | 152.31 | OK | |
r-release-macos-arm64 | 0.2.0 | OK | ||||
r-release-macos-x86_64 | 0.2.0 | OK | ||||
r-release-windows-x86_64 | 0.2.0 | 76.00 | 162.00 | 238.00 | OK | |
r-oldrel-macos-arm64 | 0.2.0 | OK | ||||
r-oldrel-macos-x86_64 | 0.2.0 | OK | ||||
r-oldrel-windows-ix86+x86_64 | 0.2.0 | 146.00 | 196.00 | 342.00 | OK |
Version: 0.2.0
Check: compiled code
Result: NOTE
File ‘testforDEP/libs/testforDEP.so’:
Found no calls to: ‘R_registerRoutines’, ‘R_useDynamicSymbols’
It is good practice to register native routines and to disable symbol
search.
See ‘Writing portable packages’ in the ‘Writing R Extensions’ manual.
Flavors: r-devel-linux-x86_64-fedora-clang, r-devel-linux-x86_64-fedora-gcc