Last updated on 2022-04-24 03:52:40 CEST.
Flavor | Version | Tinstall | Tcheck | Ttotal | Status | Flags |
---|---|---|---|---|---|---|
r-devel-linux-x86_64-debian-clang | 3.1.3 | 52.26 | 162.83 | 215.09 | OK | |
r-devel-linux-x86_64-debian-gcc | 3.1.3 | 40.84 | 121.65 | 162.49 | OK | |
r-devel-linux-x86_64-fedora-clang | 3.1.3 | 0.00 | NOTE | |||
r-devel-linux-x86_64-fedora-gcc | 3.1.3 | 316.47 | OK | |||
r-patched-linux-x86_64 | 3.1.3 | 48.88 | 153.89 | 202.77 | OK | |
r-release-linux-x86_64 | 3.1.3 | 44.88 | 160.41 | 205.29 | OK | |
r-release-macos-arm64 | 3.1.3 | NOTE | ||||
r-release-macos-x86_64 | 3.1.3 | NOTE | ||||
r-release-windows-x86_64 | 3.1.3 | 190.00 | 190.00 | 380.00 | OK | |
r-oldrel-macos-arm64 | 3.1.3 | NOTE | ||||
r-oldrel-macos-x86_64 | 3.1.3 | NOTE | ||||
r-oldrel-windows-ix86+x86_64 | 3.1.3 | 97.00 | 218.00 | 315.00 | OK |
Version: 3.1.3
Check: installed package size
Result: NOTE
installed size is 5.8Mb
sub-directories of 1Mb or more:
libs 3.4Mb
Flavors: r-devel-linux-x86_64-fedora-clang, r-release-macos-arm64, r-release-macos-x86_64, r-oldrel-macos-arm64, r-oldrel-macos-x86_64