Last updated on 2022-04-24 03:52:40 CEST.
Flavor | Version | Tinstall | Tcheck | Ttotal | Status | Flags |
---|---|---|---|---|---|---|
r-devel-linux-x86_64-debian-clang | 0.1.21 | 7.08 | 75.64 | 82.72 | NOTE | |
r-devel-linux-x86_64-debian-gcc | 0.1.21 | 5.16 | 56.92 | 62.08 | NOTE | |
r-devel-linux-x86_64-fedora-clang | 0.1.21 | 101.28 | NOTE | |||
r-devel-linux-x86_64-fedora-gcc | 0.1.21 | 84.70 | NOTE | |||
r-patched-linux-x86_64 | 0.1.21 | 6.36 | 71.49 | 77.85 | NOTE | |
r-release-linux-x86_64 | 0.1.21 | 5.00 | 65.52 | 70.52 | NOTE | |
r-release-macos-arm64 | 0.1.21 | NOTE | ||||
r-release-macos-x86_64 | 0.1.21 | NOTE | ||||
r-release-windows-x86_64 | 0.1.21 | 19.00 | 95.00 | 114.00 | NOTE | |
r-oldrel-macos-arm64 | 0.1.21 | NOTE | ||||
r-oldrel-macos-x86_64 | 0.1.21 | NOTE | ||||
r-oldrel-windows-ix86+x86_64 | 0.1.21 | 18.00 | 83.00 | 101.00 | NOTE |
Version: 0.1.21
Check: LazyData
Result: NOTE
'LazyData' is specified without a 'data' directory
Flavors: r-devel-linux-x86_64-debian-clang, r-devel-linux-x86_64-debian-gcc, r-devel-linux-x86_64-fedora-clang, r-devel-linux-x86_64-fedora-gcc, r-patched-linux-x86_64, r-release-linux-x86_64, r-release-macos-arm64, r-release-macos-x86_64, r-release-windows-x86_64, r-oldrel-macos-arm64, r-oldrel-macos-x86_64, r-oldrel-windows-ix86+x86_64