Last updated on 2022-04-24 03:52:40 CEST.
Flavor | Version | Tinstall | Tcheck | Ttotal | Status | Flags |
---|---|---|---|---|---|---|
r-devel-linux-x86_64-debian-clang | 0.9.50 | 23.10 | 221.08 | 244.18 | OK | |
r-devel-linux-x86_64-debian-gcc | 0.9.50 | 19.19 | 162.14 | 181.33 | OK | |
r-devel-linux-x86_64-fedora-clang | 0.9.50 | 288.64 | NOTE | |||
r-devel-linux-x86_64-fedora-gcc | 0.9.50 | 271.70 | NOTE | |||
r-patched-linux-x86_64 | 0.9.50 | 18.73 | 208.90 | 227.63 | OK | |
r-release-linux-x86_64 | 0.9.50 | 13.54 | 200.20 | 213.74 | OK | |
r-release-macos-arm64 | 0.9.50 | NOTE | ||||
r-release-macos-x86_64 | 0.9.50 | NOTE | ||||
r-release-windows-x86_64 | 0.9.50 | 43.00 | 245.00 | 288.00 | OK | |
r-oldrel-macos-arm64 | 0.9.50 | NOTE | ||||
r-oldrel-macos-x86_64 | 0.9.50 | NOTE | ||||
r-oldrel-windows-ix86+x86_64 | 0.9.50 | 47.00 | 226.00 | 273.00 | WARN |
Version: 0.9.50
Check: data for non-ASCII characters
Result: NOTE
Note: found 3 marked UTF-8 strings
Flavors: r-devel-linux-x86_64-fedora-clang, r-devel-linux-x86_64-fedora-gcc, r-release-macos-arm64, r-release-macos-x86_64, r-oldrel-macos-arm64, r-oldrel-macos-x86_64
Version: 0.9.50
Check: re-building of vignette outputs
Result: WARN
Error(s) in re-building vignettes:
--- re-building 'Computer_Capacity.Rmd' using rmarkdown
Error: processing vignette 'Computer_Capacity.Rmd' failed with diagnostics:
only `math_method = 'mathjax'` is supported with earlier version than Pandoc 2.0
--- failed re-building 'Computer_Capacity.Rmd'
--- re-building 'Extended_Installation_Guide.Rmd' using rmarkdown
--- finished re-building 'Extended_Installation_Guide.Rmd'
--- re-building 'Pre-registration.Rmd' using rmarkdown
Error: processing vignette 'Pre-registration.Rmd' failed with diagnostics:
only `math_method = 'mathjax'` is supported with earlier version than Pandoc 2.0
--- failed re-building 'Pre-registration.Rmd'
--- re-building 'Removing_Cache_Files.Rmd' using rmarkdown
Error: processing vignette 'Removing_Cache_Files.Rmd' failed with diagnostics:
only `math_method = 'mathjax'` is supported with earlier version than Pandoc 2.0
--- failed re-building 'Removing_Cache_Files.Rmd'
--- re-building 'Word_embeddings.Rmd' using rmarkdown
Error: processing vignette 'Word_embeddings.Rmd' failed with diagnostics:
only `math_method = 'mathjax'` is supported with earlier version than Pandoc 2.0
--- failed re-building 'Word_embeddings.Rmd'
--- re-building 'text.Rmd' using rmarkdown
Error: processing vignette 'text.Rmd' failed with diagnostics:
only `math_method = 'mathjax'` is supported with earlier version than Pandoc 2.0
--- failed re-building 'text.Rmd'
SUMMARY: processing the following files failed:
'Computer_Capacity.Rmd' 'Pre-registration.Rmd'
'Removing_Cache_Files.Rmd' 'Word_embeddings.Rmd' 'text.Rmd'
Error: Vignette re-building failed.
Execution halted
Flavor: r-oldrel-windows-ix86+x86_64