Last updated on 2022-04-24 03:52:40 CEST.
Flavor | Version | Tinstall | Tcheck | Ttotal | Status | Flags |
---|---|---|---|---|---|---|
r-devel-linux-x86_64-debian-clang | 0.1.4 | 19.94 | 190.42 | 210.36 | OK | |
r-devel-linux-x86_64-debian-gcc | 0.1.4 | 12.79 | 139.69 | 152.48 | OK | |
r-devel-linux-x86_64-fedora-clang | 0.1.4 | 255.49 | NOTE | |||
r-devel-linux-x86_64-fedora-gcc | 0.1.4 | 243.78 | NOTE | |||
r-patched-linux-x86_64 | 0.1.4 | 16.74 | 175.59 | 192.33 | OK | |
r-release-linux-x86_64 | 0.1.4 | 12.24 | 161.20 | 173.44 | OK | |
r-release-macos-arm64 | 0.1.4 | NOTE | ||||
r-release-macos-x86_64 | 0.1.4 | NOTE | ||||
r-release-windows-x86_64 | 0.1.4 | 53.00 | 204.00 | 257.00 | OK | |
r-oldrel-macos-arm64 | 0.1.4 | NOTE | ||||
r-oldrel-macos-x86_64 | 0.1.4 | NOTE | ||||
r-oldrel-windows-ix86+x86_64 | 0.1.4 | 45.00 | 189.00 | 234.00 | OK |
Version: 0.1.4
Check: data for non-ASCII characters
Result: NOTE
Note: found 3 marked UTF-8 strings
Flavors: r-devel-linux-x86_64-fedora-clang, r-devel-linux-x86_64-fedora-gcc, r-release-macos-arm64, r-release-macos-x86_64, r-oldrel-macos-arm64, r-oldrel-macos-x86_64