Last updated on 2022-04-24 03:52:40 CEST.
Flavor | Version | Tinstall | Tcheck | Ttotal | Status | Flags |
---|---|---|---|---|---|---|
r-devel-linux-x86_64-debian-clang | 0.1.2 | 3.60 | 389.71 | 393.31 | OK | |
r-devel-linux-x86_64-debian-gcc | 0.1.2 | 2.76 | 245.23 | 247.99 | OK | |
r-devel-linux-x86_64-fedora-clang | 0.1.2 | 398.39 | NOTE | |||
r-devel-linux-x86_64-fedora-gcc | 0.1.2 | 348.05 | NOTE | |||
r-patched-linux-x86_64 | 0.1.2 | 12.92 | 312.52 | 325.44 | OK | |
r-release-linux-x86_64 | 0.1.2 | 2.70 | 301.08 | 303.78 | OK | |
r-release-macos-arm64 | 0.1.2 | NOTE | ||||
r-release-macos-x86_64 | 0.1.2 | NOTE | ||||
r-release-windows-x86_64 | 0.1.2 | 20.00 | 275.00 | 295.00 | OK | |
r-oldrel-macos-arm64 | 0.1.2 | NOTE | ||||
r-oldrel-macos-x86_64 | 0.1.2 | NOTE | ||||
r-oldrel-windows-ix86+x86_64 | 0.1.2 | 8.00 | 307.00 | 315.00 | OK |
Version: 0.1.2
Check: data for non-ASCII characters
Result: NOTE
Note: found 75 marked UTF-8 strings
Flavors: r-devel-linux-x86_64-fedora-clang, r-devel-linux-x86_64-fedora-gcc, r-release-macos-arm64, r-release-macos-x86_64, r-oldrel-macos-arm64, r-oldrel-macos-x86_64