Last updated on 2022-04-24 03:52:40 CEST.
Flavor | Version | Tinstall | Tcheck | Ttotal | Status | Flags |
---|---|---|---|---|---|---|
r-devel-linux-x86_64-debian-clang | 1.1.7 | 126.71 | 158.86 | 285.57 | OK | |
r-devel-linux-x86_64-debian-gcc | 1.1.7 | 114.65 | 125.95 | 240.60 | OK | |
r-devel-linux-x86_64-fedora-clang | 1.1.7 | 421.10 | NOTE | |||
r-devel-linux-x86_64-fedora-gcc | 1.1.7 | 383.73 | OK | |||
r-patched-linux-x86_64 | 1.1.7 | 121.20 | 155.71 | 276.91 | OK | |
r-release-linux-x86_64 | 1.1.7 | 125.48 | 149.87 | 275.35 | OK | |
r-release-macos-arm64 | 1.1.7 | NOTE | ||||
r-release-macos-x86_64 | 1.1.7 | NOTE | ||||
r-release-windows-x86_64 | 1.1.7 | 162.00 | 202.00 | 364.00 | OK | |
r-oldrel-macos-arm64 | 1.1.7 | NOTE | ||||
r-oldrel-macos-x86_64 | 1.1.7 | NOTE | ||||
r-oldrel-windows-ix86+x86_64 | 1.1.7 | 281.00 | 234.00 | 515.00 | NOTE |
Version: 1.1.7
Check: installed package size
Result: NOTE
installed size is 11.8Mb
sub-directories of 1Mb or more:
libs 10.2Mb
Flavors: r-devel-linux-x86_64-fedora-clang, r-release-macos-arm64, r-release-macos-x86_64, r-oldrel-macos-arm64, r-oldrel-macos-x86_64, r-oldrel-windows-ix86+x86_64