Last updated on 2022-04-24 03:52:40 CEST.
Flavor | Version | Tinstall | Tcheck | Ttotal | Status | Flags |
---|---|---|---|---|---|---|
r-devel-linux-x86_64-debian-clang | 1.0-7 | 3.05 | 34.26 | 37.31 | OK | |
r-devel-linux-x86_64-debian-gcc | 1.0-7 | 2.35 | 26.51 | 28.86 | OK | |
r-devel-linux-x86_64-fedora-clang | 1.0-7 | 44.92 | NOTE | |||
r-devel-linux-x86_64-fedora-gcc | 1.0-7 | 33.44 | NOTE | |||
r-patched-linux-x86_64 | 1.0-7 | 2.91 | 33.09 | 36.00 | OK | |
r-release-linux-x86_64 | 1.0-7 | 2.59 | 32.60 | 35.19 | OK | |
r-release-macos-arm64 | 1.0-7 | NOTE | ||||
r-release-macos-x86_64 | 1.0-7 | NOTE | ||||
r-release-windows-x86_64 | 1.0-7 | 20.00 | 51.00 | 71.00 | OK | |
r-oldrel-macos-arm64 | 1.0-7 | NOTE | ||||
r-oldrel-macos-x86_64 | 1.0-7 | NOTE | ||||
r-oldrel-windows-ix86+x86_64 | 1.0-7 | 6.00 | 40.00 | 46.00 | OK |
Version: 1.0-7
Check: Rd cross-references
Result: NOTE
Undeclared package ‘NLP’ in Rd xrefs
Flavor: r-devel-linux-x86_64-fedora-clang
Version: 1.0-7
Check: data for non-ASCII characters
Result: NOTE
Note: found 10051 marked UTF-8 strings
Note: found 10523 strings marked as "bytes"
Flavors: r-devel-linux-x86_64-fedora-clang, r-devel-linux-x86_64-fedora-gcc, r-release-macos-arm64, r-release-macos-x86_64, r-oldrel-macos-arm64, r-oldrel-macos-x86_64