Last updated on 2022-04-24 03:52:40 CEST.
Flavor | Version | Tinstall | Tcheck | Ttotal | Status | Flags |
---|---|---|---|---|---|---|
r-devel-linux-x86_64-debian-clang | 0.1.4 | 5.11 | 29.57 | 34.68 | OK | |
r-devel-linux-x86_64-debian-gcc | 0.1.4 | 5.28 | 22.96 | 28.24 | OK | |
r-devel-linux-x86_64-fedora-clang | 0.1.4 | 43.57 | NOTE | |||
r-devel-linux-x86_64-fedora-gcc | 0.1.4 | 32.70 | OK | |||
r-patched-linux-x86_64 | 0.1.4 | 5.46 | 28.22 | 33.68 | OK | |
r-release-linux-x86_64 | 0.1.4 | 4.80 | 27.99 | 32.79 | OK | |
r-release-macos-arm64 | 0.1.4 | NOTE | ||||
r-release-macos-x86_64 | 0.1.4 | NOTE | ||||
r-release-windows-x86_64 | 0.1.4 | 14.00 | 42.00 | 56.00 | NOTE | |
r-oldrel-macos-arm64 | 0.1.4 | NOTE | ||||
r-oldrel-macos-x86_64 | 0.1.4 | NOTE | ||||
r-oldrel-windows-ix86+x86_64 | 0.1.4 | 10.00 | 27.00 | 37.00 | NOTE |
Version: 0.1.4
Check: installed package size
Result: NOTE
installed size is 5.7Mb
sub-directories of 1Mb or more:
data 5.6Mb
Flavors: r-devel-linux-x86_64-fedora-clang, r-release-macos-arm64, r-release-macos-x86_64, r-release-windows-x86_64, r-oldrel-macos-arm64, r-oldrel-macos-x86_64, r-oldrel-windows-ix86+x86_64