Last updated on 2022-04-24 03:52:40 CEST.
Flavor | Version | Tinstall | Tcheck | Ttotal | Status | Flags |
---|---|---|---|---|---|---|
r-devel-linux-x86_64-debian-clang | 0.1.4 | 1.85 | 35.06 | 36.91 | NOTE | |
r-devel-linux-x86_64-debian-gcc | 0.1.4 | 1.69 | 27.23 | 28.92 | NOTE | |
r-devel-linux-x86_64-fedora-clang | 0.1.4 | 45.84 | NOTE | |||
r-devel-linux-x86_64-fedora-gcc | 0.1.4 | 34.46 | NOTE | |||
r-patched-linux-x86_64 | 0.1.4 | 2.19 | 33.66 | 35.85 | NOTE | |
r-release-linux-x86_64 | 0.1.4 | 2.05 | 33.18 | 35.23 | NOTE | |
r-release-macos-arm64 | 0.1.4 | NOTE | ||||
r-release-macos-x86_64 | 0.1.4 | NOTE | ||||
r-release-windows-x86_64 | 0.1.4 | 24.00 | 48.00 | 72.00 | NOTE | |
r-oldrel-macos-arm64 | 0.1.4 | NOTE | ||||
r-oldrel-macos-x86_64 | 0.1.4 | NOTE | ||||
r-oldrel-windows-ix86+x86_64 | 0.1.4 | 5.00 | 28.00 | 33.00 | NOTE |
Version: 0.1.4
Check: R code for possible problems
Result: NOTE
phyper_right: no visible global function definition for 'dhyper'
progression: no visible global function definition for 'density'
progression: no visible global function definition for 'points'
progression: no visible global function definition for 'legend'
progression: no visible global function definition for 'text'
specificities.distribution.plot: no visible global function definition
for 'dhyper'
specificities.distribution.plot: no visible global function definition
for 'Axis'
specificities.distribution.plot: no visible global function definition
for 'arrows'
specificities.distribution.plot: no visible global function definition
for 'text'
specificities.distribution.plot: no visible global function definition
for 'title'
specificities.probabilities.vector: no visible global function
definition for 'phyper'
Undefined global functions or variables:
Axis arrows density dhyper legend phyper points text title
Consider adding
importFrom("graphics", "Axis", "arrows", "legend", "points", "text",
"title")
importFrom("stats", "density", "dhyper", "phyper")
to your NAMESPACE file.
Flavors: r-devel-linux-x86_64-debian-clang, r-devel-linux-x86_64-debian-gcc, r-devel-linux-x86_64-fedora-clang, r-devel-linux-x86_64-fedora-gcc, r-patched-linux-x86_64, r-release-linux-x86_64, r-release-macos-arm64, r-release-macos-x86_64, r-release-windows-x86_64, r-oldrel-macos-arm64, r-oldrel-macos-x86_64, r-oldrel-windows-ix86+x86_64