Last updated on 2022-04-24 03:52:40 CEST.
Flavor | Version | Tinstall | Tcheck | Ttotal | Status | Flags |
---|---|---|---|---|---|---|
r-devel-linux-x86_64-debian-clang | 0.5.1 | 32.17 | 233.57 | 265.74 | OK | |
r-devel-linux-x86_64-debian-gcc | 0.5.1 | 28.42 | 170.63 | 199.05 | OK | |
r-devel-linux-x86_64-fedora-clang | 0.5.1 | 334.16 | NOTE | |||
r-devel-linux-x86_64-fedora-gcc | 0.5.1 | 316.93 | NOTE | |||
r-patched-linux-x86_64 | 0.5.1 | 33.88 | 215.26 | 249.14 | OK | |
r-release-linux-x86_64 | 0.5.1 | 19.98 | 217.10 | 237.08 | OK | |
r-release-macos-arm64 | 0.5.1 | NOTE | ||||
r-release-macos-x86_64 | 0.5.1 | NOTE | ||||
r-release-windows-x86_64 | 0.5.1 | 120.00 | 270.00 | 390.00 | OK | |
r-oldrel-macos-arm64 | 0.5.1 | NOTE | ||||
r-oldrel-macos-x86_64 | 0.5.1 | NOTE | ||||
r-oldrel-windows-ix86+x86_64 | 0.5.1 | 80.00 | 379.00 | 459.00 | OK |
Version: 0.5.1
Check: data for non-ASCII characters
Result: NOTE
Note: found 4 marked UTF-8 strings
Flavors: r-devel-linux-x86_64-fedora-clang, r-devel-linux-x86_64-fedora-gcc, r-release-macos-arm64, r-release-macos-x86_64, r-oldrel-macos-arm64, r-oldrel-macos-x86_64