Last updated on 2022-04-24 03:52:40 CEST.
Flavor | Version | Tinstall | Tcheck | Ttotal | Status | Flags |
---|---|---|---|---|---|---|
r-devel-linux-x86_64-debian-clang | 0.1.5 | 42.39 | 69.23 | 111.62 | NOTE | |
r-devel-linux-x86_64-debian-gcc | 0.1.5 | 32.32 | 53.42 | 85.74 | NOTE | |
r-devel-linux-x86_64-fedora-clang | 0.1.5 | 154.86 | NOTE | |||
r-devel-linux-x86_64-fedora-gcc | 0.1.5 | 126.57 | NOTE | |||
r-patched-linux-x86_64 | 0.1.5 | 29.49 | 67.48 | 96.97 | NOTE | |
r-release-linux-x86_64 | 0.1.5 | 30.76 | 67.99 | 98.75 | NOTE | |
r-release-macos-arm64 | 0.1.5 | NOTE | ||||
r-release-macos-x86_64 | 0.1.5 | NOTE | ||||
r-release-windows-x86_64 | 0.1.5 | 81.00 | 126.00 | 207.00 | NOTE | |
r-oldrel-macos-arm64 | 0.1.5 | NOTE | ||||
r-oldrel-macos-x86_64 | 0.1.5 | NOTE | ||||
r-oldrel-windows-ix86+x86_64 | 0.1.5 | 105.00 | 122.00 | 227.00 | NOTE |
Version: 0.1.5
Check: LazyData
Result: NOTE
'LazyData' is specified without a 'data' directory
Flavors: r-devel-linux-x86_64-debian-clang, r-devel-linux-x86_64-debian-gcc, r-devel-linux-x86_64-fedora-clang, r-devel-linux-x86_64-fedora-gcc, r-patched-linux-x86_64, r-release-linux-x86_64, r-release-macos-arm64, r-release-macos-x86_64, r-release-windows-x86_64, r-oldrel-macos-arm64, r-oldrel-macos-x86_64, r-oldrel-windows-ix86+x86_64
Version: 0.1.5
Check: Rd cross-references
Result: NOTE
Undeclared package ‘tm’ in Rd xrefs
Flavor: r-devel-linux-x86_64-fedora-clang
Version: 0.1.5
Check: installed package size
Result: NOTE
installed size is 5.3Mb
sub-directories of 1Mb or more:
extdata 2.9Mb
libs 2.1Mb
Flavor: r-oldrel-windows-ix86+x86_64