Last updated on 2022-04-24 03:52:40 CEST.
Flavor | Version | Tinstall | Tcheck | Ttotal | Status | Flags |
---|---|---|---|---|---|---|
r-devel-linux-x86_64-debian-clang | 1.7.3 | 4.09 | 52.16 | 56.25 | OK | |
r-devel-linux-x86_64-debian-gcc | 1.7.3 | 3.46 | 38.10 | 41.56 | OK | |
r-devel-linux-x86_64-fedora-clang | 1.7.3 | 66.37 | NOTE | |||
r-devel-linux-x86_64-fedora-gcc | 1.7.3 | 53.54 | OK | |||
r-patched-linux-x86_64 | 1.7.3 | 4.40 | 48.30 | 52.70 | OK | |
r-release-linux-x86_64 | 1.7.3 | 4.15 | 47.20 | 51.35 | OK | |
r-release-macos-arm64 | 1.7.3 | OK | ||||
r-release-macos-x86_64 | 1.7.3 | OK | ||||
r-release-windows-x86_64 | 1.7.3 | 76.00 | 68.00 | 144.00 | OK | |
r-oldrel-macos-arm64 | 1.7.3 | OK | ||||
r-oldrel-macos-x86_64 | 1.7.3 | OK | ||||
r-oldrel-windows-ix86+x86_64 | 1.7.3 | 8.00 | 56.00 | 64.00 | OK |
Version: 1.7.3
Check: Rd cross-references
Result: NOTE
Undeclared packages ‘tm’, ‘textreadr’ in Rd xrefs
Flavor: r-devel-linux-x86_64-fedora-clang