Last updated on 2022-04-24 03:52:40 CEST.
Flavor | Version | Tinstall | Tcheck | Ttotal | Status | Flags |
---|---|---|---|---|---|---|
r-devel-linux-x86_64-debian-clang | 0.10.0 | 11.49 | 108.84 | 120.33 | NOTE | |
r-devel-linux-x86_64-debian-gcc | 0.10.0 | 8.92 | 80.77 | 89.69 | NOTE | |
r-devel-linux-x86_64-fedora-clang | 0.10.0 | 143.50 | NOTE | |||
r-devel-linux-x86_64-fedora-gcc | 0.10.0 | 129.87 | NOTE | |||
r-patched-linux-x86_64 | 0.10.0 | 12.74 | 102.17 | 114.91 | NOTE | |
r-release-linux-x86_64 | 0.10.0 | 11.18 | 97.38 | 108.56 | NOTE | |
r-release-macos-arm64 | 0.10.0 | NOTE | ||||
r-release-macos-x86_64 | 0.10.0 | NOTE | ||||
r-release-windows-x86_64 | 0.10.0 | 99.00 | 145.00 | 244.00 | NOTE | |
r-oldrel-macos-arm64 | 0.10.0 | NOTE | ||||
r-oldrel-macos-x86_64 | 0.10.0 | NOTE | ||||
r-oldrel-windows-ix86+x86_64 | 0.10.0 | 24.00 | 128.00 | 152.00 | NOTE |
Version: 0.10.0
Check: LazyData
Result: NOTE
'LazyData' is specified without a 'data' directory
Flavors: r-devel-linux-x86_64-debian-clang, r-devel-linux-x86_64-debian-gcc, r-devel-linux-x86_64-fedora-clang, r-devel-linux-x86_64-fedora-gcc, r-patched-linux-x86_64, r-release-linux-x86_64, r-release-macos-arm64, r-release-macos-x86_64, r-release-windows-x86_64, r-oldrel-macos-arm64, r-oldrel-macos-x86_64, r-oldrel-windows-ix86+x86_64