Last updated on 2022-04-24 03:52:40 CEST.
Flavor | Version | Tinstall | Tcheck | Ttotal | Status | Flags |
---|---|---|---|---|---|---|
r-devel-linux-x86_64-debian-clang | 1.0.0 | 1.72 | 32.77 | 34.49 | NOTE | |
r-devel-linux-x86_64-debian-gcc | 1.0.0 | 1.63 | 25.29 | 26.92 | NOTE | |
r-devel-linux-x86_64-fedora-clang | 1.0.0 | 42.43 | NOTE | |||
r-devel-linux-x86_64-fedora-gcc | 1.0.0 | 82.92 | NOTE | |||
r-patched-linux-x86_64 | 1.0.0 | 1.50 | 31.44 | 32.94 | NOTE | |
r-release-linux-x86_64 | 1.0.0 | 1.42 | 31.46 | 32.88 | NOTE | |
r-release-macos-arm64 | 1.0.0 | NOTE | ||||
r-release-macos-x86_64 | 1.0.0 | ERROR | ||||
r-release-windows-x86_64 | 1.0.0 | 10.00 | 48.00 | 58.00 | NOTE | |
r-oldrel-macos-arm64 | 1.0.0 | NOTE | ||||
r-oldrel-macos-x86_64 | 1.0.0 | ERROR | ||||
r-oldrel-windows-ix86+x86_64 | 1.0.0 | 4.00 | 38.00 | 42.00 | NOTE |
Version: 1.0.0
Check: LazyData
Result: NOTE
'LazyData' is specified without a 'data' directory
Flavors: r-devel-linux-x86_64-debian-clang, r-devel-linux-x86_64-debian-gcc, r-devel-linux-x86_64-fedora-clang, r-devel-linux-x86_64-fedora-gcc, r-patched-linux-x86_64, r-release-linux-x86_64, r-release-macos-arm64, r-release-macos-x86_64, r-release-windows-x86_64, r-oldrel-macos-arm64, r-oldrel-macos-x86_64, r-oldrel-windows-ix86+x86_64
Version: 1.0.0
Check: tests
Result: ERROR
Running ‘testthat.R’ [25s/47s]
Running the tests in ‘tests/testthat.R’ failed.
Last 13 lines of output:
Error: $ operator is invalid for atomic vectors
Backtrace:
█
1. └─thankr::shoulders("library") test-shoulders.R:17:2
2. └─thankr:::library_shoulders()
3. └─thankr:::build_package_list(utils::installed.packages()[, 1])
4. ├─thankr:::format_pkg_df(...)
5. │ └─base::stopifnot(is.list(lpkgs))
6. └─base::lapply(...)
7. └─thankr:::FUN(X[[i]], ...)
8. └─thankr:::get_maintainer(x)
[ FAIL 1 | WARN 1 | SKIP 1 | PASS 9 ]
Error: Test failures
Execution halted
Flavors: r-release-macos-x86_64, r-oldrel-macos-x86_64