Last updated on 2022-04-24 03:52:40 CEST.
Flavor | Version | Tinstall | Tcheck | Ttotal | Status | Flags |
---|---|---|---|---|---|---|
r-devel-linux-x86_64-debian-clang | 0.4.0 | 5.91 | 47.84 | 53.75 | NOTE | |
r-devel-linux-x86_64-debian-gcc | 0.4.0 | 2.82 | 36.54 | 39.36 | NOTE | |
r-devel-linux-x86_64-fedora-clang | 0.4.0 | 64.58 | NOTE | |||
r-devel-linux-x86_64-fedora-gcc | 0.4.0 | 52.86 | NOTE | |||
r-patched-linux-x86_64 | 0.4.0 | 4.06 | 45.78 | 49.84 | NOTE | |
r-release-linux-x86_64 | 0.4.0 | 5.85 | 42.88 | 48.73 | NOTE | |
r-release-macos-arm64 | 0.4.0 | NOTE | ||||
r-release-macos-x86_64 | 0.4.0 | NOTE | ||||
r-release-windows-x86_64 | 0.4.0 | 13.00 | 67.00 | 80.00 | NOTE | |
r-oldrel-macos-arm64 | 0.4.0 | NOTE | ||||
r-oldrel-macos-x86_64 | 0.4.0 | NOTE | ||||
r-oldrel-windows-ix86+x86_64 | 0.4.0 | 10.00 | 56.00 | 66.00 | NOTE |
Version: 0.4.0
Check: LazyData
Result: NOTE
'LazyData' is specified without a 'data' directory
Flavors: r-devel-linux-x86_64-debian-clang, r-devel-linux-x86_64-debian-gcc, r-devel-linux-x86_64-fedora-clang, r-devel-linux-x86_64-fedora-gcc, r-patched-linux-x86_64, r-release-linux-x86_64, r-release-macos-arm64, r-release-macos-x86_64, r-release-windows-x86_64, r-oldrel-macos-arm64, r-oldrel-macos-x86_64, r-oldrel-windows-ix86+x86_64