Last updated on 2022-04-24 03:52:40 CEST.
Flavor | Version | Tinstall | Tcheck | Ttotal | Status | Flags |
---|---|---|---|---|---|---|
r-devel-linux-x86_64-debian-clang | 0.1.2.1 | 4.89 | 67.27 | 72.16 | OK | |
r-devel-linux-x86_64-debian-gcc | 0.1.2.1 | 3.43 | 50.03 | 53.46 | OK | |
r-devel-linux-x86_64-fedora-clang | 0.1.2.1 | 85.18 | OK | |||
r-devel-linux-x86_64-fedora-gcc | 0.1.2.1 | 76.38 | OK | |||
r-patched-linux-x86_64 | 0.1.2.1 | 4.78 | 63.61 | 68.39 | OK | |
r-release-linux-x86_64 | 0.1.2.1 | 4.34 | 60.13 | 64.47 | OK | |
r-release-macos-arm64 | 0.1.2.1 | NOTE | ||||
r-release-macos-x86_64 | 0.1.2.1 | OK | ||||
r-release-windows-x86_64 | 0.1.2.1 | 198.00 | 87.00 | 285.00 | OK | |
r-oldrel-macos-arm64 | 0.1.2.1 | NOTE | ||||
r-oldrel-macos-x86_64 | 0.1.2.1 | OK | ||||
r-oldrel-windows-ix86+x86_64 | 0.1.2.1 | 12.00 | 77.00 | 89.00 | OK |
Version: 0.1.2.1
Check: package dependencies
Result: NOTE
Packages suggested but not available for checking: 'sysfonts', 'showtext'
Flavors: r-release-macos-arm64, r-oldrel-macos-arm64