Last updated on 2022-04-24 03:52:40 CEST.
Flavor | Version | Tinstall | Tcheck | Ttotal | Status | Flags |
---|---|---|---|---|---|---|
r-devel-linux-x86_64-debian-clang | 1.0.1 | 16.28 | 65.20 | 81.48 | OK | |
r-devel-linux-x86_64-debian-gcc | 1.0.1 | 11.95 | 49.05 | 61.00 | OK | |
r-devel-linux-x86_64-fedora-clang | 1.0.1 | 97.61 | NOTE | |||
r-devel-linux-x86_64-fedora-gcc | 1.0.1 | 83.83 | NOTE | |||
r-patched-linux-x86_64 | 1.0.1 | 13.85 | 61.61 | 75.46 | OK | |
r-release-linux-x86_64 | 1.0.1 | 9.81 | 57.44 | 67.25 | OK | |
r-release-macos-arm64 | 1.0.1 | NOTE | ||||
r-release-macos-x86_64 | 1.0.1 | NOTE | ||||
r-release-windows-x86_64 | 1.0.1 | 28.00 | 79.00 | 107.00 | OK | |
r-oldrel-macos-arm64 | 1.0.1 | NOTE | ||||
r-oldrel-macos-x86_64 | 1.0.1 | NOTE | ||||
r-oldrel-windows-ix86+x86_64 | 1.0.1 | 29.00 | 73.00 | 102.00 | OK |
Version: 1.0.1
Check: dependencies in R code
Result: NOTE
Namespaces in Imports field not imported from:
‘MASS’ ‘readr’ ‘tidyverse’ ‘usethis’
All declared Imports should be used.
Flavors: r-devel-linux-x86_64-fedora-clang, r-devel-linux-x86_64-fedora-gcc, r-release-macos-arm64, r-release-macos-x86_64, r-oldrel-macos-arm64, r-oldrel-macos-x86_64