Last updated on 2022-04-24 03:52:40 CEST.
Flavor | Version | Tinstall | Tcheck | Ttotal | Status | Flags |
---|---|---|---|---|---|---|
r-devel-linux-x86_64-debian-clang | 0.15 | 11.67 | 108.69 | 120.36 | NOTE | |
r-devel-linux-x86_64-debian-gcc | 0.15 | 9.40 | 79.67 | 89.07 | NOTE | |
r-devel-linux-x86_64-fedora-clang | 0.15 | 139.73 | NOTE | |||
r-devel-linux-x86_64-fedora-gcc | 0.15 | 126.35 | NOTE | |||
r-patched-linux-x86_64 | 0.15 | 10.80 | 101.45 | 112.25 | NOTE | |
r-release-linux-x86_64 | 0.15 | 6.83 | 97.00 | 103.83 | NOTE | |
r-release-macos-arm64 | 0.15 | NOTE | ||||
r-release-macos-x86_64 | 0.15 | NOTE | ||||
r-release-windows-x86_64 | 0.15 | 21.00 | 121.00 | 142.00 | NOTE | |
r-oldrel-macos-arm64 | 0.15 | NOTE | ||||
r-oldrel-macos-x86_64 | 0.15 | NOTE | ||||
r-oldrel-windows-ix86+x86_64 | 0.15 | 27.00 | 116.00 | 143.00 | NOTE |
Version: 0.15
Check: LazyData
Result: NOTE
'LazyData' is specified without a 'data' directory
Flavors: r-devel-linux-x86_64-debian-clang, r-devel-linux-x86_64-debian-gcc, r-devel-linux-x86_64-fedora-clang, r-devel-linux-x86_64-fedora-gcc, r-patched-linux-x86_64, r-release-linux-x86_64, r-release-macos-arm64, r-release-macos-x86_64, r-release-windows-x86_64, r-oldrel-macos-arm64, r-oldrel-macos-x86_64, r-oldrel-windows-ix86+x86_64
Version: 0.15
Check: dependencies in R code
Result: NOTE
Namespaces in Imports field not imported from:
‘crayon’ ‘purrr’ ‘readr’
All declared Imports should be used.
Flavors: r-devel-linux-x86_64-fedora-clang, r-devel-linux-x86_64-fedora-gcc, r-release-macos-arm64, r-release-macos-x86_64, r-oldrel-macos-arm64, r-oldrel-macos-x86_64