Last updated on 2022-04-24 03:52:40 CEST.
Flavor | Version | Tinstall | Tcheck | Ttotal | Status | Flags |
---|---|---|---|---|---|---|
r-devel-linux-x86_64-debian-clang | 1.1.2 | 11.31 | 48.71 | 60.02 | NOTE | |
r-devel-linux-x86_64-debian-gcc | 1.1.2 | 9.30 | 36.68 | 45.98 | NOTE | |
r-devel-linux-x86_64-fedora-clang | 1.1.2 | 72.97 | NOTE | |||
r-devel-linux-x86_64-fedora-gcc | 1.1.2 | 60.89 | NOTE | |||
r-patched-linux-x86_64 | 1.1.2 | 9.81 | 46.66 | 56.47 | NOTE | |
r-release-linux-x86_64 | 1.1.2 | 8.48 | 45.01 | 53.49 | NOTE | |
r-release-macos-arm64 | 1.1.2 | NOTE | ||||
r-release-macos-x86_64 | 1.1.2 | NOTE | ||||
r-release-windows-x86_64 | 1.1.2 | 32.00 | 77.00 | 109.00 | WARN | |
r-oldrel-macos-arm64 | 1.1.2 | NOTE | ||||
r-oldrel-macos-x86_64 | 1.1.2 | NOTE | ||||
r-oldrel-windows-ix86+x86_64 | 1.1.2 | 30.00 | 76.00 | 106.00 | NOTE |
Version: 1.1.2
Check: LazyData
Result: NOTE
'LazyData' is specified without a 'data' directory
Flavors: r-devel-linux-x86_64-debian-clang, r-devel-linux-x86_64-debian-gcc, r-devel-linux-x86_64-fedora-clang, r-devel-linux-x86_64-fedora-gcc, r-patched-linux-x86_64, r-release-linux-x86_64, r-release-macos-arm64, r-release-macos-x86_64, r-release-windows-x86_64, r-oldrel-macos-arm64, r-oldrel-macos-x86_64, r-oldrel-windows-ix86+x86_64
Version: 1.1.2
Check: whether package can be installed
Result: WARN
Found the following significant warnings:
lmdb/mdb.c:10787:24: warning: ISO C does not support the 'I' printf flag [-Wformat=]
Flavor: r-release-windows-x86_64