Last updated on 2022-04-24 03:52:40 CEST.
| Flavor | Version | Tinstall | Tcheck | Ttotal | Status | Flags | 
|---|---|---|---|---|---|---|
| r-devel-linux-x86_64-debian-clang | 0.2.4 | 24.56 | 74.48 | 99.04 | OK | |
| r-devel-linux-x86_64-debian-gcc | 0.2.4 | 17.99 | 56.62 | 74.61 | OK | |
| r-devel-linux-x86_64-fedora-clang | 0.2.4 | 123.03 | NOTE | |||
| r-devel-linux-x86_64-fedora-gcc | 0.2.4 | 108.07 | OK | |||
| r-patched-linux-x86_64 | 0.2.4 | 21.65 | 72.96 | 94.61 | OK | |
| r-release-linux-x86_64 | 0.2.4 | 23.15 | 72.83 | 95.98 | OK | |
| r-release-macos-arm64 | 0.2.4 | NOTE | ||||
| r-release-macos-x86_64 | 0.2.4 | NOTE | ||||
| r-release-windows-x86_64 | 0.2.4 | 80.00 | 107.00 | 187.00 | NOTE | |
| r-oldrel-macos-arm64 | 0.2.4 | NOTE | ||||
| r-oldrel-macos-x86_64 | 0.2.4 | NOTE | ||||
| r-oldrel-windows-ix86+x86_64 | 0.2.4 | 37.00 | 93.00 | 130.00 | NOTE | 
Version: 0.2.4
Check: installed package size
Result: NOTE
      installed size is  5.4Mb
      sub-directories of 1Mb or more:
        doc           1.7Mb
        htmlwidgets   2.3Mb
Flavors: r-devel-linux-x86_64-fedora-clang, r-release-macos-arm64, r-release-macos-x86_64, r-release-windows-x86_64, r-oldrel-macos-arm64, r-oldrel-macos-x86_64, r-oldrel-windows-ix86+x86_64