Last updated on 2022-04-24 03:52:40 CEST.
Flavor | Version | Tinstall | Tcheck | Ttotal | Status | Flags |
---|---|---|---|---|---|---|
r-devel-linux-x86_64-debian-clang | 0.12.1 | 269.70 | 171.13 | 440.83 | NOTE | |
r-devel-linux-x86_64-debian-gcc | 0.12.1 | 235.23 | 138.28 | 373.51 | NOTE | |
r-devel-linux-x86_64-fedora-clang | 0.12.1 | 595.94 | NOTE | |||
r-devel-linux-x86_64-fedora-gcc | 0.12.1 | 591.79 | NOTE | |||
r-patched-linux-x86_64 | 0.12.1 | 197.26 | 175.44 | 372.70 | NOTE | |
r-release-linux-x86_64 | 0.12.1 | 224.44 | 163.70 | 388.14 | NOTE | |
r-release-macos-arm64 | 0.12.1 | NOTE | ||||
r-release-macos-x86_64 | 0.12.1 | NOTE | ||||
r-release-windows-x86_64 | 0.12.1 | 235.00 | 239.00 | 474.00 | NOTE | |
r-oldrel-macos-arm64 | 0.12.1 | NOTE | ||||
r-oldrel-macos-x86_64 | 0.12.1 | NOTE | ||||
r-oldrel-windows-ix86+x86_64 | 0.12.1 | 202.00 | 9.00 | 211.00 | ERROR |
Version: 0.12.1
Check: for GNU extensions in Makefiles
Result: NOTE
GNU make is a SystemRequirements.
Flavors: r-devel-linux-x86_64-debian-clang, r-devel-linux-x86_64-debian-gcc, r-devel-linux-x86_64-fedora-clang, r-devel-linux-x86_64-fedora-gcc, r-patched-linux-x86_64, r-release-linux-x86_64, r-release-macos-arm64, r-release-macos-x86_64, r-release-windows-x86_64, r-oldrel-macos-arm64, r-oldrel-macos-x86_64
Version: 0.12.1
Check: installed package size
Result: NOTE
installed size is 35.3Mb
sub-directories of 1Mb or more:
libs 34.8Mb
Flavors: r-devel-linux-x86_64-fedora-clang, r-release-macos-arm64, r-release-macos-x86_64, r-oldrel-macos-arm64, r-oldrel-macos-x86_64
Version: 0.12.1
Check: dependencies in R code
Result: NOTE
Namespaces in Imports field not imported from:
‘RcppParallel’ ‘knitr’
All declared Imports should be used.
Flavors: r-devel-linux-x86_64-fedora-clang, r-devel-linux-x86_64-fedora-gcc, r-release-macos-arm64, r-release-macos-x86_64, r-oldrel-macos-arm64, r-oldrel-macos-x86_64
Version: 0.12.1
Check: whether package can be installed
Result: ERROR
Installation failed.
Flavor: r-oldrel-windows-ix86+x86_64