Last updated on 2022-04-24 03:52:40 CEST.
Flavor | Version | Tinstall | Tcheck | Ttotal | Status | Flags |
---|---|---|---|---|---|---|
r-devel-linux-x86_64-debian-clang | 0.1.6 | 28.83 | 123.99 | 152.82 | WARN | |
r-devel-linux-x86_64-debian-gcc | 0.1.6 | 20.46 | 91.07 | 111.53 | OK | |
r-devel-linux-x86_64-fedora-clang | 0.1.6 | 200.26 | WARN | |||
r-devel-linux-x86_64-fedora-gcc | 0.1.6 | 167.69 | OK | |||
r-patched-linux-x86_64 | 0.1.6 | 25.23 | 117.20 | 142.43 | OK | |
r-release-linux-x86_64 | 0.1.6 | 24.09 | 118.19 | 142.28 | OK | |
r-release-macos-arm64 | 0.1.6 | OK | ||||
r-release-macos-x86_64 | 0.1.6 | OK | ||||
r-release-windows-x86_64 | 0.1.6 | 82.00 | 170.00 | 252.00 | OK | |
r-oldrel-macos-arm64 | 0.1.6 | OK | ||||
r-oldrel-macos-x86_64 | 0.1.6 | OK | ||||
r-oldrel-windows-ix86+x86_64 | 0.1.6 | 68.00 | 194.00 | 262.00 | OK |
Version: 0.1.6
Check: whether package can be installed
Result: WARN
Found the following significant warnings:
sorted_range_search.cpp:34:7: warning: use of bitwise '|' with boolean operands [-Wbitwise-instead-of-logical]
Flavors: r-devel-linux-x86_64-debian-clang, r-devel-linux-x86_64-fedora-clang