Last updated on 2022-04-24 03:52:40 CEST.
Flavor | Version | Tinstall | Tcheck | Ttotal | Status | Flags |
---|---|---|---|---|---|---|
r-devel-linux-x86_64-debian-clang | 0.2.2 | 2.70 | 47.11 | 49.81 | NOTE | |
r-devel-linux-x86_64-debian-gcc | 0.2.2 | 2.45 | 35.77 | 38.22 | NOTE | |
r-devel-linux-x86_64-fedora-clang | 0.2.2 | 59.41 | NOTE | |||
r-devel-linux-x86_64-fedora-gcc | 0.2.2 | 48.19 | NOTE | |||
r-patched-linux-x86_64 | 0.2.2 | 3.16 | 44.84 | 48.00 | NOTE | |
r-release-linux-x86_64 | 0.2.2 | 2.38 | 44.34 | 46.72 | NOTE | |
r-release-macos-arm64 | 0.2.2 | NOTE | ||||
r-release-macos-x86_64 | 0.2.2 | NOTE | ||||
r-release-windows-x86_64 | 0.2.2 | 25.00 | 63.00 | 88.00 | NOTE | |
r-oldrel-macos-arm64 | 0.2.2 | NOTE | ||||
r-oldrel-macos-x86_64 | 0.2.2 | NOTE | ||||
r-oldrel-windows-ix86+x86_64 | 0.2.2 | 7.00 | 53.00 | 60.00 | NOTE |
Version: 0.2.2
Check: LazyData
Result: NOTE
'LazyData' is specified without a 'data' directory
Flavors: r-devel-linux-x86_64-debian-clang, r-devel-linux-x86_64-debian-gcc, r-devel-linux-x86_64-fedora-clang, r-devel-linux-x86_64-fedora-gcc, r-patched-linux-x86_64, r-release-linux-x86_64, r-release-macos-arm64, r-release-macos-x86_64, r-release-windows-x86_64, r-oldrel-macos-arm64, r-oldrel-macos-x86_64, r-oldrel-windows-ix86+x86_64