Last updated on 2022-04-24 03:52:40 CEST.
Flavor | Version | Tinstall | Tcheck | Ttotal | Status | Flags |
---|---|---|---|---|---|---|
r-devel-linux-x86_64-debian-clang | 0.0.6 | 0.97 | 25.21 | 26.18 | OK | |
r-devel-linux-x86_64-debian-gcc | 0.0.6 | 1.18 | 19.15 | 20.33 | OK | |
r-devel-linux-x86_64-fedora-clang | 0.0.6 | 33.17 | OK | |||
r-devel-linux-x86_64-fedora-gcc | 0.0.6 | 22.34 | OK | |||
r-patched-linux-x86_64 | 0.0.6 | 1.01 | 24.09 | 25.10 | OK | |
r-release-linux-x86_64 | 0.0.6 | 0.98 | 23.11 | 24.09 | OK | |
r-release-macos-arm64 | 0.0.6 | OK | ||||
r-release-macos-x86_64 | 0.0.6 | NOTE | ||||
r-release-windows-x86_64 | 0.0.6 | 18.00 | 41.00 | 59.00 | OK | |
r-oldrel-macos-arm64 | 0.0.6 | OK | ||||
r-oldrel-macos-x86_64 | 0.0.6 | NOTE | ||||
r-oldrel-windows-ix86+x86_64 | 0.0.6 | 4.00 | 31.00 | 35.00 | OK |
Version: 0.0.6
Check: re-building of vignette outputs
Result: NOTE
Error(s) in re-building vignettes:
...
--- re-building ‘motivation.md’ using mdweave_to_html
Cannot find pandoc. Not able to weave vignette.
Error: processing vignette 'motivation.md' failed with diagnostics:
Failed to locate ‘weave’ output file ‘motivation.pdf’ or ‘motivation.html’ for vignette with name ‘motivation’ and engine ‘simplermarkdown::mdweave_to_html’. The following files exist in working directory ‘/Volumes/Builds/packages/high-sierra-x86_64/results/4.1/tidyCpp.Rcheck/vign_test/tidyCpp/vignettes’: ‘motivation.md’ (18115 bytes), ‘water.css’ (1193 bytes)
--- failed re-building ‘motivation.md’
SUMMARY: processing the following file failed:
‘motivation.md’
Error: Vignette re-building failed.
Execution halted
Flavors: r-release-macos-x86_64, r-oldrel-macos-x86_64