Last updated on 2022-04-24 03:52:40 CEST.
Flavor | Version | Tinstall | Tcheck | Ttotal | Status | Flags |
---|---|---|---|---|---|---|
r-devel-linux-x86_64-debian-clang | 1.1.0 | 10.86 | 159.27 | 170.13 | OK | |
r-devel-linux-x86_64-debian-gcc | 1.1.0 | 8.50 | 114.01 | 122.51 | OK | |
r-devel-linux-x86_64-fedora-clang | 1.1.0 | 204.51 | NOTE | |||
r-devel-linux-x86_64-fedora-gcc | 1.1.0 | 178.79 | NOTE | |||
r-patched-linux-x86_64 | 1.1.0 | 8.67 | 147.29 | 155.96 | OK | |
r-release-linux-x86_64 | 1.1.0 | 8.77 | 145.31 | 154.08 | OK | |
r-release-macos-arm64 | 1.1.0 | NOTE | ||||
r-release-macos-x86_64 | 1.1.0 | NOTE | ||||
r-release-windows-x86_64 | 1.1.0 | 36.00 | 189.00 | 225.00 | OK | |
r-oldrel-macos-arm64 | 1.1.0 | NOTE | ||||
r-oldrel-macos-x86_64 | 1.1.0 | NOTE | ||||
r-oldrel-windows-ix86+x86_64 | 1.1.0 | 26.00 | 182.00 | 208.00 | OK |
Version: 1.1.0
Check: dependencies in R code
Result: NOTE
Namespace in Imports field not imported from: ‘mix’
All declared Imports should be used.
Flavors: r-devel-linux-x86_64-fedora-clang, r-devel-linux-x86_64-fedora-gcc, r-release-macos-arm64, r-release-macos-x86_64, r-oldrel-macos-arm64, r-oldrel-macos-x86_64