Last updated on 2022-04-24 03:52:40 CEST.
Flavor | Version | Tinstall | Tcheck | Ttotal | Status | Flags |
---|---|---|---|---|---|---|
r-devel-linux-x86_64-debian-clang | 0.2.3 | 39.51 | 498.63 | 538.14 | OK | |
r-devel-linux-x86_64-debian-gcc | 0.2.3 | 31.70 | 329.34 | 361.04 | OK | |
r-devel-linux-x86_64-fedora-clang | 0.2.3 | 524.95 | OK | |||
r-devel-linux-x86_64-fedora-gcc | 0.2.3 | 601.96 | OK | |||
r-patched-linux-x86_64 | 0.2.3 | 0.61 | 11.28 | 11.89 | ERROR | |
r-release-linux-x86_64 | 0.2.3 | 1.04 | 11.92 | 12.96 | ERROR | |
r-release-macos-arm64 | 0.2.3 | OK | ||||
r-release-macos-x86_64 | 0.2.3 | OK | ||||
r-release-windows-x86_64 | 0.2.3 | 113.00 | 457.00 | 570.00 | OK | |
r-oldrel-macos-arm64 | 0.2.3 | OK | ||||
r-oldrel-macos-x86_64 | 0.2.3 | OK | ||||
r-oldrel-windows-ix86+x86_64 | 0.2.3 | 78.00 | 494.00 | 572.00 | OK |
Version: 0.2.3
Check: package dependencies
Result: ERROR
Package required but not available: ‘blavaan’
See section ‘The DESCRIPTION file’ in the ‘Writing R Extensions’
manual.
Flavors: r-patched-linux-x86_64, r-release-linux-x86_64